{"id":3658,"date":"2019-02-15T10:37:30","date_gmt":"2019-02-15T10:37:30","guid":{"rendered":"http:\/\/www.emilividal.com\/?page_id=3658"},"modified":"2019-05-06T15:28:48","modified_gmt":"2019-05-06T15:28:48","slug":"terciari-vila-oberta","status":"publish","type":"page","link":"http:\/\/www.emilividal.com\/?page_id=3658","title":{"rendered":"Terciari &#8211; Edifici Vila Oberta"},"content":{"rendered":"\t\t<div data-elementor-type=\"wp-post\" data-elementor-id=\"3658\" class=\"elementor elementor-3658 elementor-bc-flex-widget\">\n\t\t\t\t\t\t<section class=\"elementor-section elementor-top-section elementor-element elementor-element-2e8f0c6 elementor-section-content-middle elementor-section-boxed elementor-section-height-default elementor-section-height-default\" data-id=\"2e8f0c6\" data-element_type=\"section\" data-settings=\"{&quot;background_background&quot;:&quot;classic&quot;}\">\n\t\t\t\t\t\t<div class=\"elementor-container elementor-column-gap-no\">\n\t\t\t\t\t<div class=\"elementor-column elementor-col-50 elementor-top-column elementor-element elementor-element-0389149\" data-id=\"0389149\" data-element_type=\"column\">\n\t\t\t<div class=\"elementor-widget-wrap elementor-element-populated\">\n\t\t\t\t\t\t<div class=\"elementor-element elementor-element-e24d5de elementor-widget elementor-widget-heading\" data-id=\"e24d5de\" data-element_type=\"widget\" data-widget_type=\"heading.default\">\n\t\t\t\t<div class=\"elementor-widget-container\">\n\t\t\t\t\t<h6 class=\"elementor-heading-title elementor-size-default\">TERCIARI\n<span style=\"font-size: 17px\">| PROJECTES<\/span><span style=\"font-size: 17px\"><\/span><\/h6>\t\t\t\t<\/div>\n\t\t\t\t<\/div>\n\t\t\t\t<div class=\"elementor-element elementor-element-4916e1a elementor-widget elementor-widget-heading\" data-id=\"4916e1a\" data-element_type=\"widget\" data-widget_type=\"heading.default\">\n\t\t\t\t<div class=\"elementor-widget-container\">\n\t\t\t\t\t<h6 class=\"elementor-heading-title elementor-size-default\">Edifici Vila oberta\n<span style=\"font-weight: 400;text-transform: none\"> Granollers   <\/span><\/h6>\t\t\t\t<\/div>\n\t\t\t\t<\/div>\n\t\t\t\t<div class=\"elementor-element elementor-element-f5a5c38 elementor-widget elementor-widget-spacer\" data-id=\"f5a5c38\" data-element_type=\"widget\" data-widget_type=\"spacer.default\">\n\t\t\t\t<div class=\"elementor-widget-container\">\n\t\t\t\t\t\t\t<div class=\"elementor-spacer\">\n\t\t\t<div class=\"elementor-spacer-inner\"><\/div>\n\t\t<\/div>\n\t\t\t\t\t\t<\/div>\n\t\t\t\t<\/div>\n\t\t\t\t\t<\/div>\n\t\t<\/div>\n\t\t\t\t<div class=\"elementor-column elementor-col-50 elementor-top-column elementor-element elementor-element-c60a9f3\" data-id=\"c60a9f3\" data-element_type=\"column\">\n\t\t\t<div class=\"elementor-widget-wrap elementor-element-populated\">\n\t\t\t\t\t\t<div class=\"elementor-element elementor-element-a3a9f4c elementor-widget elementor-widget-text-editor\" data-id=\"a3a9f4c\" data-element_type=\"widget\" data-widget_type=\"text-editor.default\">\n\t\t\t\t<div class=\"elementor-widget-container\">\n\t\t\t\t\t\t\t\t\t<p>Edifici d&#8217;oficines i aparcaments. La seva rehabilitaci\u00f3 a nivell d&#8217;accesibilitat i el diseny de les noves fa\u00e7anes amb planxes d&#8217;acer miniona colorejades, respecten l&#8217;arquitectura de l&#8217;antic aparcament i el nous requeriments crom\u00e0tics dels edificis de l&#8217;entorn, incorporant modernitat amb l&#8217;\u00fas atrevit del materials prefabricats per a majorit\u00e0riament \u00fas industrial.<\/p><p>Excel\u00b7lent relaci\u00f3 final preu-qualitat.<\/p>\t\t\t\t\t\t\t\t<\/div>\n\t\t\t\t<\/div>\n\t\t\t\t\t<\/div>\n\t\t<\/div>\n\t\t\t\t\t<\/div>\n\t\t<\/section>\n\t\t\t\t<section class=\"elementor-section elementor-top-section elementor-element elementor-element-29d4e11 elementor-section-boxed elementor-section-height-default elementor-section-height-default\" data-id=\"29d4e11\" data-element_type=\"section\">\n\t\t\t\t\t\t<div class=\"elementor-container elementor-column-gap-default\">\n\t\t\t\t\t<div class=\"elementor-column elementor-col-100 elementor-top-column elementor-element elementor-element-ede3462\" data-id=\"ede3462\" data-element_type=\"column\">\n\t\t\t<div class=\"elementor-widget-wrap elementor-element-populated\">\n\t\t\t\t\t\t<div class=\"elementor-element elementor-element-ef88735 elementor-widget elementor-widget-image-gallery\" data-id=\"ef88735\" data-element_type=\"widget\" data-widget_type=\"image-gallery.default\">\n\t\t\t\t<div class=\"elementor-widget-container\">\n\t\t\t\t\t\t\t<div class=\"elementor-image-gallery\">\n\t\t\t<div id='gallery-1' class='gallery galleryid-3658 gallery-columns-2 gallery-size-baroque-blog-grid'><figure class='gallery-item'>\n\t\t\t<div class='gallery-icon landscape'>\n\t\t\t\t<a data-elementor-open-lightbox=\"yes\" data-elementor-lightbox-slideshow=\"ef88735\" data-elementor-lightbox-title=\"09E08-VILA OBERTA 1\" data-e-action-hash=\"#elementor-action%3Aaction%3Dlightbox%26settings%3DeyJpZCI6MzY2MCwidXJsIjoiaHR0cDpcL1wvd3d3LmVtaWxpdmlkYWwuY29tXC93cC1jb250ZW50XC91cGxvYWRzXC8yMDE5XC8wMlwvMDlFMDgtVklMQS1PQkVSVEEtMS5qcGciLCJzbGlkZXNob3ciOiJlZjg4NzM1In0%3D\" href='http:\/\/www.emilividal.com\/wp-content\/uploads\/2019\/02\/09E08-VILA-OBERTA-1.jpg'><img fetchpriority=\"high\" decoding=\"async\" width=\"592\" height=\"424\" src=\"http:\/\/www.emilividal.com\/wp-content\/uploads\/2019\/02\/09E08-VILA-OBERTA-1-592x424.jpg\" class=\"attachment-baroque-blog-grid size-baroque-blog-grid\" alt=\"\" \/><\/a>\n\t\t\t<\/div><\/figure><figure class='gallery-item'>\n\t\t\t<div class='gallery-icon portrait'>\n\t\t\t\t<a data-elementor-open-lightbox=\"yes\" data-elementor-lightbox-slideshow=\"ef88735\" data-elementor-lightbox-title=\"09E08-VILA OBERTA 2\" data-e-action-hash=\"#elementor-action%3Aaction%3Dlightbox%26settings%3DeyJpZCI6MzY2MSwidXJsIjoiaHR0cDpcL1wvd3d3LmVtaWxpdmlkYWwuY29tXC93cC1jb250ZW50XC91cGxvYWRzXC8yMDE5XC8wMlwvMDlFMDgtVklMQS1PQkVSVEEtMi5qcGciLCJzbGlkZXNob3ciOiJlZjg4NzM1In0%3D\" href='http:\/\/www.emilividal.com\/wp-content\/uploads\/2019\/02\/09E08-VILA-OBERTA-2.jpg'><img decoding=\"async\" width=\"480\" height=\"424\" src=\"http:\/\/www.emilividal.com\/wp-content\/uploads\/2019\/02\/09E08-VILA-OBERTA-2-480x424.jpg\" class=\"attachment-baroque-blog-grid size-baroque-blog-grid\" alt=\"\" \/><\/a>\n\t\t\t<\/div><\/figure>\n\t\t<\/div>\n\t\t<\/div>\n\t\t\t\t\t\t<\/div>\n\t\t\t\t<\/div>\n\t\t\t\t<div class=\"elementor-element elementor-element-a624a17 elementor-widget elementor-widget-heading\" data-id=\"a624a17\" data-element_type=\"widget\" data-widget_type=\"heading.default\">\n\t\t\t\t<div class=\"elementor-widget-container\">\n\t\t\t\t\t<h6 class=\"elementor-heading-title elementor-size-default\"><a href=\"http:\/\/www.emilividal.com\/?page_id=3249\">NEXT\n<font color=\"#7a7a7a\"><span style=\"font-weight: 400;text-transform: none\">Project<\/span><\/font>  &gt;<\/a><\/h6>\t\t\t\t<\/div>\n\t\t\t\t<\/div>\n\t\t\t\t\t<\/div>\n\t\t<\/div>\n\t\t\t\t\t<\/div>\n\t\t<\/section>\n\t\t\t\t<\/div>\n\t\t","protected":false},"excerpt":{"rendered":"<p>TERCIARI | PROJECTES Edifici Vila oberta Granollers Edifici d&#8217;oficines i aparcaments. La seva rehabilitaci\u00f3 a nivell d&#8217;accesibilitat i el diseny de les noves fa\u00e7anes amb planxes d&#8217;acer miniona colorejades, respecten l&#8217;arquitectura de l&#8217;antic aparcament i el nous requeriments crom\u00e0tics dels edificis de l&#8217;entorn, incorporant modernitat amb l&#8217;\u00fas atrevit del materials prefabricats per a majorit\u00e0riament \u00fas [&hellip;]<\/p>\n","protected":false},"author":1,"featured_media":0,"parent":0,"menu_order":0,"comment_status":"closed","ping_status":"closed","template":"template-fullwidth.php","meta":{"_monsterinsights_skip_tracking":false,"_monsterinsights_sitenote_active":false,"_monsterinsights_sitenote_note":"","_monsterinsights_sitenote_category":0,"footnotes":""},"class_list":["post-3658","page","type-page","status-publish","hentry","no-thumb"],"_links":{"self":[{"href":"http:\/\/www.emilividal.com\/index.php?rest_route=\/wp\/v2\/pages\/3658","targetHints":{"allow":["GET"]}}],"collection":[{"href":"http:\/\/www.emilividal.com\/index.php?rest_route=\/wp\/v2\/pages"}],"about":[{"href":"http:\/\/www.emilividal.com\/index.php?rest_route=\/wp\/v2\/types\/page"}],"author":[{"embeddable":true,"href":"http:\/\/www.emilividal.com\/index.php?rest_route=\/wp\/v2\/users\/1"}],"replies":[{"embeddable":true,"href":"http:\/\/www.emilividal.com\/index.php?rest_route=%2Fwp%2Fv2%2Fcomments&post=3658"}],"version-history":[{"count":6,"href":"http:\/\/www.emilividal.com\/index.php?rest_route=\/wp\/v2\/pages\/3658\/revisions"}],"predecessor-version":[{"id":4123,"href":"http:\/\/www.emilividal.com\/index.php?rest_route=\/wp\/v2\/pages\/3658\/revisions\/4123"}],"wp:attachment":[{"href":"http:\/\/www.emilividal.com\/index.php?rest_route=%2Fwp%2Fv2%2Fmedia&parent=3658"}],"curies":[{"name":"wp","href":"https:\/\/api.w.org\/{rel}","templated":true}]}}

<div data-elementor-type="wp-post" data-elementor-id="3658" class="elementor elementor-3658 elementor-bc-flex-widget">
						<section class="elementor-section elementor-top-section elementor-element elementor-element-2e8f0c6 elementor-section-content-middle elementor-section-boxed elementor-section-height-default elementor-section-height-default" data-id="2e8f0c6" data-element_type="section" data-settings="{&quot;background_background&quot;:&quot;classic&quot;}">
						<div class="elementor-container elementor-column-gap-no">
					<div class="elementor-column elementor-col-50 elementor-top-column elementor-element elementor-element-0389149" data-id="0389149" data-element_type="column">
			<div class="elementor-widget-wrap elementor-element-populated">
						<div class="elementor-element elementor-element-e24d5de elementor-widget elementor-widget-heading" data-id="e24d5de" data-element_type="widget" data-widget_type="heading.default">
				<div class="elementor-widget-container">
					<h6 class="elementor-heading-title elementor-size-default">TERCIARI
<span style="font-size: 17px">| PROJECTES</span><span style="font-size: 17px"></span></h6>				</div>
				</div>
				<div class="elementor-element elementor-element-4916e1a elementor-widget elementor-widget-heading" data-id="4916e1a" data-element_type="widget" data-widget_type="heading.default">
				<div class="elementor-widget-container">
					<h6 class="elementor-heading-title elementor-size-default">Edifici Vila oberta
<span style="font-weight: 400;text-transform: none"> Granollers   </span></h6>				</div>
				</div>
				<div class="elementor-element elementor-element-f5a5c38 elementor-widget elementor-widget-spacer" data-id="f5a5c38" data-element_type="widget" data-widget_type="spacer.default">
				<div class="elementor-widget-container">
							<div class="elementor-spacer">
			<div class="elementor-spacer-inner"></div>
		</div>
						</div>
				</div>
					</div>
		</div>
				<div class="elementor-column elementor-col-50 elementor-top-column elementor-element elementor-element-c60a9f3" data-id="c60a9f3" data-element_type="column">
			<div class="elementor-widget-wrap elementor-element-populated">
						<div class="elementor-element elementor-element-a3a9f4c elementor-widget elementor-widget-text-editor" data-id="a3a9f4c" data-element_type="widget" data-widget_type="text-editor.default">
				<div class="elementor-widget-container">
									<p>Edifici d&#8217;oficines i aparcaments. La seva rehabilitació a nivell d&#8217;accesibilitat i el diseny de les noves façanes amb planxes d&#8217;acer miniona colorejades, respecten l&#8217;arquitectura de l&#8217;antic aparcament i el nous requeriments cromàtics dels edificis de l&#8217;entorn, incorporant modernitat amb l&#8217;ús atrevit del materials prefabricats per a majoritàriament ús industrial.</p><p>Excel·lent relació final preu-qualitat.</p>								</div>
				</div>
					</div>
		</div>
					</div>
		</section>
				<section class="elementor-section elementor-top-section elementor-element elementor-element-29d4e11 elementor-section-boxed elementor-section-height-default elementor-section-height-default" data-id="29d4e11" data-element_type="section">
						<div class="elementor-container elementor-column-gap-default">
					<div class="elementor-column elementor-col-100 elementor-top-column elementor-element elementor-element-ede3462" data-id="ede3462" data-element_type="column">
			<div class="elementor-widget-wrap elementor-element-populated">
						<div class="elementor-element elementor-element-ef88735 elementor-widget elementor-widget-image-gallery" data-id="ef88735" data-element_type="widget" data-widget_type="image-gallery.default">
				<div class="elementor-widget-container">
							<div class="elementor-image-gallery">
			<div id='gallery-1' class='gallery galleryid-3658 gallery-columns-2 gallery-size-baroque-blog-grid'><figure class='gallery-item'>
			<div class='gallery-icon landscape'>
				<a data-elementor-open-lightbox="yes" data-elementor-lightbox-slideshow="ef88735" data-elementor-lightbox-title="09E08-VILA OBERTA 1" data-e-action-hash="#elementor-action%3Aaction%3Dlightbox%26settings%3DeyJpZCI6MzY2MCwidXJsIjoiaHR0cDpcL1wvd3d3LmVtaWxpdmlkYWwuY29tXC93cC1jb250ZW50XC91cGxvYWRzXC8yMDE5XC8wMlwvMDlFMDgtVklMQS1PQkVSVEEtMS5qcGciLCJzbGlkZXNob3ciOiJlZjg4NzM1In0%3D" href='http://www.emilividal.com/wp-content/uploads/2019/02/09E08-VILA-OBERTA-1.jpg'><img fetchpriority="high" decoding="async" width="592" height="424" src="http://www.emilividal.com/wp-content/uploads/2019/02/09E08-VILA-OBERTA-1-592x424.jpg" class="attachment-baroque-blog-grid size-baroque-blog-grid" alt="" /></a>
			</div></figure><figure class='gallery-item'>
			<div class='gallery-icon portrait'>
				<a data-elementor-open-lightbox="yes" data-elementor-lightbox-slideshow="ef88735" data-elementor-lightbox-title="09E08-VILA OBERTA 2" data-e-action-hash="#elementor-action%3Aaction%3Dlightbox%26settings%3DeyJpZCI6MzY2MSwidXJsIjoiaHR0cDpcL1wvd3d3LmVtaWxpdmlkYWwuY29tXC93cC1jb250ZW50XC91cGxvYWRzXC8yMDE5XC8wMlwvMDlFMDgtVklMQS1PQkVSVEEtMi5qcGciLCJzbGlkZXNob3ciOiJlZjg4NzM1In0%3D" href='http://www.emilividal.com/wp-content/uploads/2019/02/09E08-VILA-OBERTA-2.jpg'><img decoding="async" width="480" height="424" src="http://www.emilividal.com/wp-content/uploads/2019/02/09E08-VILA-OBERTA-2-480x424.jpg" class="attachment-baroque-blog-grid size-baroque-blog-grid" alt="" /></a>
			</div></figure>
		</div>
		</div>
						</div>
				</div>
				<div class="elementor-element elementor-element-a624a17 elementor-widget elementor-widget-heading" data-id="a624a17" data-element_type="widget" data-widget_type="heading.default">
				<div class="elementor-widget-container">
					<h6 class="elementor-heading-title elementor-size-default"><a href="http://www.emilividal.com/?page_id=3249">NEXT
<font color="#7a7a7a"><span style="font-weight: 400;text-transform: none">Project</span></font>  &gt;</a></h6>				</div>
				</div>
					</div>
		</div>
					</div>
		</section>
				</div>

<p>TERCIARI | PROJECTES Edifici Vila oberta Granollers Edifici d&#8217;oficines i aparcaments. La seva rehabilitació a nivell d&#8217;accesibilitat i el diseny de les noves façanes amb planxes d&#8217;acer miniona colorejades, respecten l&#8217;arquitectura de l&#8217;antic aparcament i el nous requeriments cromàtics dels edificis de l&#8217;entorn, incorporant modernitat amb l&#8217;ús atrevit del materials prefabricats per a majoritàriament ús [&hellip;]</p>
