{"id":3241,"date":"2018-11-22T16:13:38","date_gmt":"2018-11-22T16:13:38","guid":{"rendered":"http:\/\/www.emilividal.com\/?page_id=3241"},"modified":"2019-05-06T15:12:44","modified_gmt":"2019-05-06T15:12:44","slug":"terciari-nou-camp","status":"publish","type":"page","link":"http:\/\/www.emilividal.com\/?page_id=3241","title":{"rendered":"Terciari &#8211; Nou camp any 2009"},"content":{"rendered":"\t\t<div data-elementor-type=\"wp-post\" data-elementor-id=\"3241\" class=\"elementor elementor-3241 elementor-bc-flex-widget\">\n\t\t\t\t\t\t<section class=\"elementor-section elementor-top-section elementor-element elementor-element-2e8f0c6 elementor-section-content-middle elementor-section-boxed elementor-section-height-default elementor-section-height-default\" data-id=\"2e8f0c6\" data-element_type=\"section\" data-settings=\"{&quot;background_background&quot;:&quot;classic&quot;}\">\n\t\t\t\t\t\t<div class=\"elementor-container elementor-column-gap-no\">\n\t\t\t\t\t<div class=\"elementor-column elementor-col-50 elementor-top-column elementor-element elementor-element-0389149\" data-id=\"0389149\" data-element_type=\"column\">\n\t\t\t<div class=\"elementor-widget-wrap elementor-element-populated\">\n\t\t\t\t\t\t<div class=\"elementor-element elementor-element-e24d5de elementor-widget elementor-widget-heading\" data-id=\"e24d5de\" data-element_type=\"widget\" data-widget_type=\"heading.default\">\n\t\t\t\t<div class=\"elementor-widget-container\">\n\t\t\t\t\t<h6 class=\"elementor-heading-title elementor-size-default\">TERCIARI\n<span style=\"font-size: 17px\">| PROJECTES<\/span><span style=\"font-size: 17px\"><\/span><\/h6>\t\t\t\t<\/div>\n\t\t\t\t<\/div>\n\t\t\t\t<div class=\"elementor-element elementor-element-4916e1a elementor-widget elementor-widget-heading\" data-id=\"4916e1a\" data-element_type=\"widget\" data-widget_type=\"heading.default\">\n\t\t\t\t<div class=\"elementor-widget-container\">\n\t\t\t\t\t<h6 class=\"elementor-heading-title elementor-size-default\">NOU CAMP\n<span style=\"font-weight: 400;text-transform: none\"> Barcelona   <\/span><\/h6>\t\t\t\t<\/div>\n\t\t\t\t<\/div>\n\t\t\t\t<div class=\"elementor-element elementor-element-f5a5c38 elementor-widget elementor-widget-spacer\" data-id=\"f5a5c38\" data-element_type=\"widget\" data-widget_type=\"spacer.default\">\n\t\t\t\t<div class=\"elementor-widget-container\">\n\t\t\t\t\t\t\t<div class=\"elementor-spacer\">\n\t\t\t<div class=\"elementor-spacer-inner\"><\/div>\n\t\t<\/div>\n\t\t\t\t\t\t<\/div>\n\t\t\t\t<\/div>\n\t\t\t\t\t<\/div>\n\t\t<\/div>\n\t\t\t\t<div class=\"elementor-column elementor-col-50 elementor-top-column elementor-element elementor-element-c60a9f3\" data-id=\"c60a9f3\" data-element_type=\"column\">\n\t\t\t<div class=\"elementor-widget-wrap elementor-element-populated\">\n\t\t\t\t\t\t<div class=\"elementor-element elementor-element-a3a9f4c elementor-widget elementor-widget-text-editor\" data-id=\"a3a9f4c\" data-element_type=\"widget\" data-widget_type=\"text-editor.default\">\n\t\t\t\t<div class=\"elementor-widget-container\">\n\t\t\t\t\t\t\t\t\t<p>Proposta d&#8217;illa artificial davant el F\u00f2rum amb l&#8217;\u00fas d&#8217;un nou estadi del Futbol Club Barcelona. Es proposa una nova \u00e0rea de centralitat a Barcelona a prop del encara degradat litoral Barcelon\u00e8s Nord, potencialment la zona del litoral, i catalitzadora d&#8217;un nou impuls urban\u00edstic, econ\u00f2mic, tur\u00edstic de la ciutat.<\/p><p>Es considera la no renovaci\u00f3 del Nou Camp per una aposta d&#8217;una idea futurista, innovadora, visionaria i d&#8217;un gran impacte a nivell metropolit\u00e0.<\/p><p>Pasarel\u00b7les de grans dimensions, a diferents nivells sobre el mar, condueixen als espectadors a un estadi\u00a0 futurista multi\u00fas els 365 dies de l&#8217;any, on una gran xarxa com a coberta s&#8217;escampa sobre les graderies i terrasses miradors cap a la ciutat.<\/p><p>La proposta tamb\u00e9 incorpora la idea de ser una gran bi\u00f2top artificial enfront del riu Bes\u00f2s.<\/p>\t\t\t\t\t\t\t\t<\/div>\n\t\t\t\t<\/div>\n\t\t\t\t\t<\/div>\n\t\t<\/div>\n\t\t\t\t\t<\/div>\n\t\t<\/section>\n\t\t\t\t<section class=\"elementor-section elementor-top-section elementor-element elementor-element-29d4e11 elementor-section-boxed elementor-section-height-default elementor-section-height-default\" data-id=\"29d4e11\" data-element_type=\"section\">\n\t\t\t\t\t\t<div class=\"elementor-container elementor-column-gap-default\">\n\t\t\t\t\t<div class=\"elementor-column elementor-col-100 elementor-top-column elementor-element elementor-element-ede3462\" data-id=\"ede3462\" data-element_type=\"column\">\n\t\t\t<div class=\"elementor-widget-wrap elementor-element-populated\">\n\t\t\t\t\t\t<div class=\"elementor-element elementor-element-ef88735 elementor-widget elementor-widget-image-gallery\" data-id=\"ef88735\" data-element_type=\"widget\" data-widget_type=\"image-gallery.default\">\n\t\t\t\t<div class=\"elementor-widget-container\">\n\t\t\t\t\t\t\t<div class=\"elementor-image-gallery\">\n\t\t\t<div id='gallery-1' class='gallery galleryid-3241 gallery-columns-2 gallery-size-baroque-blog-grid'><figure class='gallery-item'>\n\t\t\t<div class='gallery-icon landscape'>\n\t\t\t\t<a data-elementor-open-lightbox=\"yes\" data-elementor-lightbox-slideshow=\"ef88735\" data-elementor-lightbox-title=\"PLANTA OK\" data-e-action-hash=\"#elementor-action%3Aaction%3Dlightbox%26settings%3DeyJpZCI6MzI0NSwidXJsIjoiaHR0cDpcL1wvd3d3LmVtaWxpdmlkYWwuY29tXC93cC1jb250ZW50XC91cGxvYWRzXC8yMDE4XC8xMVwvUExBTlRBLU9LLTQuanBnIiwic2xpZGVzaG93IjoiZWY4ODczNSJ9\" href='http:\/\/www.emilividal.com\/wp-content\/uploads\/2018\/11\/PLANTA-OK-4.jpg'><img fetchpriority=\"high\" decoding=\"async\" width=\"592\" height=\"424\" src=\"http:\/\/www.emilividal.com\/wp-content\/uploads\/2018\/11\/PLANTA-OK-4-592x424.jpg\" class=\"attachment-baroque-blog-grid size-baroque-blog-grid\" alt=\"\" \/><\/a>\n\t\t\t<\/div><\/figure><figure class='gallery-item'>\n\t\t\t<div class='gallery-icon landscape'>\n\t\t\t\t<a data-elementor-open-lightbox=\"yes\" data-elementor-lightbox-slideshow=\"ef88735\" data-elementor-lightbox-title=\"3\" data-e-action-hash=\"#elementor-action%3Aaction%3Dlightbox%26settings%3DeyJpZCI6MzI0MywidXJsIjoiaHR0cDpcL1wvd3d3LmVtaWxpdmlkYWwuY29tXC93cC1jb250ZW50XC91cGxvYWRzXC8yMDE4XC8xMVwvMy0xLmpwZyIsInNsaWRlc2hvdyI6ImVmODg3MzUifQ%3D%3D\" href='http:\/\/www.emilividal.com\/wp-content\/uploads\/2018\/11\/3-1.jpg'><img decoding=\"async\" width=\"592\" height=\"424\" src=\"http:\/\/www.emilividal.com\/wp-content\/uploads\/2018\/11\/3-1-592x424.jpg\" class=\"attachment-baroque-blog-grid size-baroque-blog-grid\" alt=\"\" \/><\/a>\n\t\t\t<\/div><\/figure><figure class='gallery-item'>\n\t\t\t<div class='gallery-icon landscape'>\n\t\t\t\t<a data-elementor-open-lightbox=\"yes\" data-elementor-lightbox-slideshow=\"ef88735\" data-elementor-lightbox-title=\"NOU CAMP 4\" data-e-action-hash=\"#elementor-action%3Aaction%3Dlightbox%26settings%3DeyJpZCI6MzY0NSwidXJsIjoiaHR0cDpcL1wvd3d3LmVtaWxpdmlkYWwuY29tXC93cC1jb250ZW50XC91cGxvYWRzXC8yMDE5XC8wMlwvTk9VLUNBTVAtNC5qcGciLCJzbGlkZXNob3ciOiJlZjg4NzM1In0%3D\" href='http:\/\/www.emilividal.com\/wp-content\/uploads\/2019\/02\/NOU-CAMP-4.jpg'><img decoding=\"async\" width=\"592\" height=\"424\" src=\"http:\/\/www.emilividal.com\/wp-content\/uploads\/2019\/02\/NOU-CAMP-4-592x424.jpg\" class=\"attachment-baroque-blog-grid size-baroque-blog-grid\" alt=\"\" \/><\/a>\n\t\t\t<\/div><\/figure><figure class='gallery-item'>\n\t\t\t<div class='gallery-icon landscape'>\n\t\t\t\t<a data-elementor-open-lightbox=\"yes\" data-elementor-lightbox-slideshow=\"ef88735\" data-elementor-lightbox-title=\"NOCTURNA\" data-e-action-hash=\"#elementor-action%3Aaction%3Dlightbox%26settings%3DeyJpZCI6MzI0NCwidXJsIjoiaHR0cDpcL1wvd3d3LmVtaWxpdmlkYWwuY29tXC93cC1jb250ZW50XC91cGxvYWRzXC8yMDE4XC8xMVwvTk9DVFVSTkEtMi5qcGciLCJzbGlkZXNob3ciOiJlZjg4NzM1In0%3D\" href='http:\/\/www.emilividal.com\/wp-content\/uploads\/2018\/11\/NOCTURNA-2.jpg'><img loading=\"lazy\" decoding=\"async\" width=\"592\" height=\"424\" src=\"http:\/\/www.emilividal.com\/wp-content\/uploads\/2018\/11\/NOCTURNA-2-592x424.jpg\" class=\"attachment-baroque-blog-grid size-baroque-blog-grid\" alt=\"\" \/><\/a>\n\t\t\t<\/div><\/figure><figure class='gallery-item'>\n\t\t\t<div class='gallery-icon landscape'>\n\t\t\t\t<a data-elementor-open-lightbox=\"yes\" data-elementor-lightbox-slideshow=\"ef88735\" data-elementor-lightbox-title=\"VISTA DES DE TERRA 02\" data-e-action-hash=\"#elementor-action%3Aaction%3Dlightbox%26settings%3DeyJpZCI6MzI0NiwidXJsIjoiaHR0cDpcL1wvd3d3LmVtaWxpdmlkYWwuY29tXC93cC1jb250ZW50XC91cGxvYWRzXC8yMDE4XC8xMVwvVklTVEEtREVTLURFLVRFUlJBLTAyLTQuanBnIiwic2xpZGVzaG93IjoiZWY4ODczNSJ9\" href='http:\/\/www.emilividal.com\/wp-content\/uploads\/2018\/11\/VISTA-DES-DE-TERRA-02-4.jpg'><img loading=\"lazy\" decoding=\"async\" width=\"592\" height=\"424\" src=\"http:\/\/www.emilividal.com\/wp-content\/uploads\/2018\/11\/VISTA-DES-DE-TERRA-02-4-592x424.jpg\" class=\"attachment-baroque-blog-grid size-baroque-blog-grid\" alt=\"\" \/><\/a>\n\t\t\t<\/div><\/figure>\n\t\t<\/div>\n\t\t<\/div>\n\t\t\t\t\t\t<\/div>\n\t\t\t\t<\/div>\n\t\t\t\t<div class=\"elementor-element elementor-element-a624a17 elementor-widget elementor-widget-heading\" data-id=\"a624a17\" data-element_type=\"widget\" data-widget_type=\"heading.default\">\n\t\t\t\t<div class=\"elementor-widget-container\">\n\t\t\t\t\t<h6 class=\"elementor-heading-title elementor-size-default\"><a href=\"http:\/\/www.emilividal.com\/?page_id=3254\">NEXT\n<font color=\"#7a7a7a\"><span style=\"font-weight: 400;text-transform: none\">Project<\/span><\/font>  &gt;<\/a><\/h6>\t\t\t\t<\/div>\n\t\t\t\t<\/div>\n\t\t\t\t\t<\/div>\n\t\t<\/div>\n\t\t\t\t\t<\/div>\n\t\t<\/section>\n\t\t\t\t<\/div>\n\t\t","protected":false},"excerpt":{"rendered":"<p>TERCIARI | PROJECTES NOU CAMP Barcelona Proposta d&#8217;illa artificial davant el F\u00f2rum amb l&#8217;\u00fas d&#8217;un nou estadi del Futbol Club Barcelona. Es proposa una nova \u00e0rea de centralitat a Barcelona a prop del encara degradat litoral Barcelon\u00e8s Nord, potencialment la zona del litoral, i catalitzadora d&#8217;un nou impuls urban\u00edstic, econ\u00f2mic, tur\u00edstic de la ciutat. Es [&hellip;]<\/p>\n","protected":false},"author":1,"featured_media":0,"parent":0,"menu_order":0,"comment_status":"closed","ping_status":"closed","template":"template-fullwidth.php","meta":{"_monsterinsights_skip_tracking":false,"_monsterinsights_sitenote_active":false,"_monsterinsights_sitenote_note":"","_monsterinsights_sitenote_category":0,"footnotes":""},"class_list":["post-3241","page","type-page","status-publish","hentry","no-thumb"],"_links":{"self":[{"href":"http:\/\/www.emilividal.com\/index.php?rest_route=\/wp\/v2\/pages\/3241","targetHints":{"allow":["GET"]}}],"collection":[{"href":"http:\/\/www.emilividal.com\/index.php?rest_route=\/wp\/v2\/pages"}],"about":[{"href":"http:\/\/www.emilividal.com\/index.php?rest_route=\/wp\/v2\/types\/page"}],"author":[{"embeddable":true,"href":"http:\/\/www.emilividal.com\/index.php?rest_route=\/wp\/v2\/users\/1"}],"replies":[{"embeddable":true,"href":"http:\/\/www.emilividal.com\/index.php?rest_route=%2Fwp%2Fv2%2Fcomments&post=3241"}],"version-history":[{"count":7,"href":"http:\/\/www.emilividal.com\/index.php?rest_route=\/wp\/v2\/pages\/3241\/revisions"}],"predecessor-version":[{"id":4119,"href":"http:\/\/www.emilividal.com\/index.php?rest_route=\/wp\/v2\/pages\/3241\/revisions\/4119"}],"wp:attachment":[{"href":"http:\/\/www.emilividal.com\/index.php?rest_route=%2Fwp%2Fv2%2Fmedia&parent=3241"}],"curies":[{"name":"wp","href":"https:\/\/api.w.org\/{rel}","templated":true}]}}

<div data-elementor-type="wp-post" data-elementor-id="3241" class="elementor elementor-3241 elementor-bc-flex-widget">
						<section class="elementor-section elementor-top-section elementor-element elementor-element-2e8f0c6 elementor-section-content-middle elementor-section-boxed elementor-section-height-default elementor-section-height-default" data-id="2e8f0c6" data-element_type="section" data-settings="{&quot;background_background&quot;:&quot;classic&quot;}">
						<div class="elementor-container elementor-column-gap-no">
					<div class="elementor-column elementor-col-50 elementor-top-column elementor-element elementor-element-0389149" data-id="0389149" data-element_type="column">
			<div class="elementor-widget-wrap elementor-element-populated">
						<div class="elementor-element elementor-element-e24d5de elementor-widget elementor-widget-heading" data-id="e24d5de" data-element_type="widget" data-widget_type="heading.default">
				<div class="elementor-widget-container">
					<h6 class="elementor-heading-title elementor-size-default">TERCIARI
<span style="font-size: 17px">| PROJECTES</span><span style="font-size: 17px"></span></h6>				</div>
				</div>
				<div class="elementor-element elementor-element-4916e1a elementor-widget elementor-widget-heading" data-id="4916e1a" data-element_type="widget" data-widget_type="heading.default">
				<div class="elementor-widget-container">
					<h6 class="elementor-heading-title elementor-size-default">NOU CAMP
<span style="font-weight: 400;text-transform: none"> Barcelona   </span></h6>				</div>
				</div>
				<div class="elementor-element elementor-element-f5a5c38 elementor-widget elementor-widget-spacer" data-id="f5a5c38" data-element_type="widget" data-widget_type="spacer.default">
				<div class="elementor-widget-container">
							<div class="elementor-spacer">
			<div class="elementor-spacer-inner"></div>
		</div>
						</div>
				</div>
					</div>
		</div>
				<div class="elementor-column elementor-col-50 elementor-top-column elementor-element elementor-element-c60a9f3" data-id="c60a9f3" data-element_type="column">
			<div class="elementor-widget-wrap elementor-element-populated">
						<div class="elementor-element elementor-element-a3a9f4c elementor-widget elementor-widget-text-editor" data-id="a3a9f4c" data-element_type="widget" data-widget_type="text-editor.default">
				<div class="elementor-widget-container">
									<p>Proposta d&#8217;illa artificial davant el Fòrum amb l&#8217;ús d&#8217;un nou estadi del Futbol Club Barcelona. Es proposa una nova àrea de centralitat a Barcelona a prop del encara degradat litoral Barcelonès Nord, potencialment la zona del litoral, i catalitzadora d&#8217;un nou impuls urbanístic, econòmic, turístic de la ciutat.</p><p>Es considera la no renovació del Nou Camp per una aposta d&#8217;una idea futurista, innovadora, visionaria i d&#8217;un gran impacte a nivell metropolità.</p><p>Pasarel·les de grans dimensions, a diferents nivells sobre el mar, condueixen als espectadors a un estadi  futurista multiús els 365 dies de l&#8217;any, on una gran xarxa com a coberta s&#8217;escampa sobre les graderies i terrasses miradors cap a la ciutat.</p><p>La proposta també incorpora la idea de ser una gran biòtop artificial enfront del riu Besòs.</p>								</div>
				</div>
					</div>
		</div>
					</div>
		</section>
				<section class="elementor-section elementor-top-section elementor-element elementor-element-29d4e11 elementor-section-boxed elementor-section-height-default elementor-section-height-default" data-id="29d4e11" data-element_type="section">
						<div class="elementor-container elementor-column-gap-default">
					<div class="elementor-column elementor-col-100 elementor-top-column elementor-element elementor-element-ede3462" data-id="ede3462" data-element_type="column">
			<div class="elementor-widget-wrap elementor-element-populated">
						<div class="elementor-element elementor-element-ef88735 elementor-widget elementor-widget-image-gallery" data-id="ef88735" data-element_type="widget" data-widget_type="image-gallery.default">
				<div class="elementor-widget-container">
							<div class="elementor-image-gallery">
			<div id='gallery-1' class='gallery galleryid-3241 gallery-columns-2 gallery-size-baroque-blog-grid'><figure class='gallery-item'>
			<div class='gallery-icon landscape'>
				<a data-elementor-open-lightbox="yes" data-elementor-lightbox-slideshow="ef88735" data-elementor-lightbox-title="PLANTA OK" data-e-action-hash="#elementor-action%3Aaction%3Dlightbox%26settings%3DeyJpZCI6MzI0NSwidXJsIjoiaHR0cDpcL1wvd3d3LmVtaWxpdmlkYWwuY29tXC93cC1jb250ZW50XC91cGxvYWRzXC8yMDE4XC8xMVwvUExBTlRBLU9LLTQuanBnIiwic2xpZGVzaG93IjoiZWY4ODczNSJ9" href='http://www.emilividal.com/wp-content/uploads/2018/11/PLANTA-OK-4.jpg'><img fetchpriority="high" decoding="async" width="592" height="424" src="http://www.emilividal.com/wp-content/uploads/2018/11/PLANTA-OK-4-592x424.jpg" class="attachment-baroque-blog-grid size-baroque-blog-grid" alt="" /></a>
			</div></figure><figure class='gallery-item'>
			<div class='gallery-icon landscape'>
				<a data-elementor-open-lightbox="yes" data-elementor-lightbox-slideshow="ef88735" data-elementor-lightbox-title="3" data-e-action-hash="#elementor-action%3Aaction%3Dlightbox%26settings%3DeyJpZCI6MzI0MywidXJsIjoiaHR0cDpcL1wvd3d3LmVtaWxpdmlkYWwuY29tXC93cC1jb250ZW50XC91cGxvYWRzXC8yMDE4XC8xMVwvMy0xLmpwZyIsInNsaWRlc2hvdyI6ImVmODg3MzUifQ%3D%3D" href='http://www.emilividal.com/wp-content/uploads/2018/11/3-1.jpg'><img decoding="async" width="592" height="424" src="http://www.emilividal.com/wp-content/uploads/2018/11/3-1-592x424.jpg" class="attachment-baroque-blog-grid size-baroque-blog-grid" alt="" /></a>
			</div></figure><figure class='gallery-item'>
			<div class='gallery-icon landscape'>
				<a data-elementor-open-lightbox="yes" data-elementor-lightbox-slideshow="ef88735" data-elementor-lightbox-title="NOU CAMP 4" data-e-action-hash="#elementor-action%3Aaction%3Dlightbox%26settings%3DeyJpZCI6MzY0NSwidXJsIjoiaHR0cDpcL1wvd3d3LmVtaWxpdmlkYWwuY29tXC93cC1jb250ZW50XC91cGxvYWRzXC8yMDE5XC8wMlwvTk9VLUNBTVAtNC5qcGciLCJzbGlkZXNob3ciOiJlZjg4NzM1In0%3D" href='http://www.emilividal.com/wp-content/uploads/2019/02/NOU-CAMP-4.jpg'><img decoding="async" width="592" height="424" src="http://www.emilividal.com/wp-content/uploads/2019/02/NOU-CAMP-4-592x424.jpg" class="attachment-baroque-blog-grid size-baroque-blog-grid" alt="" /></a>
			</div></figure><figure class='gallery-item'>
			<div class='gallery-icon landscape'>
				<a data-elementor-open-lightbox="yes" data-elementor-lightbox-slideshow="ef88735" data-elementor-lightbox-title="NOCTURNA" data-e-action-hash="#elementor-action%3Aaction%3Dlightbox%26settings%3DeyJpZCI6MzI0NCwidXJsIjoiaHR0cDpcL1wvd3d3LmVtaWxpdmlkYWwuY29tXC93cC1jb250ZW50XC91cGxvYWRzXC8yMDE4XC8xMVwvTk9DVFVSTkEtMi5qcGciLCJzbGlkZXNob3ciOiJlZjg4NzM1In0%3D" href='http://www.emilividal.com/wp-content/uploads/2018/11/NOCTURNA-2.jpg'><img loading="lazy" decoding="async" width="592" height="424" src="http://www.emilividal.com/wp-content/uploads/2018/11/NOCTURNA-2-592x424.jpg" class="attachment-baroque-blog-grid size-baroque-blog-grid" alt="" /></a>
			</div></figure><figure class='gallery-item'>
			<div class='gallery-icon landscape'>
				<a data-elementor-open-lightbox="yes" data-elementor-lightbox-slideshow="ef88735" data-elementor-lightbox-title="VISTA DES DE TERRA 02" data-e-action-hash="#elementor-action%3Aaction%3Dlightbox%26settings%3DeyJpZCI6MzI0NiwidXJsIjoiaHR0cDpcL1wvd3d3LmVtaWxpdmlkYWwuY29tXC93cC1jb250ZW50XC91cGxvYWRzXC8yMDE4XC8xMVwvVklTVEEtREVTLURFLVRFUlJBLTAyLTQuanBnIiwic2xpZGVzaG93IjoiZWY4ODczNSJ9" href='http://www.emilividal.com/wp-content/uploads/2018/11/VISTA-DES-DE-TERRA-02-4.jpg'><img loading="lazy" decoding="async" width="592" height="424" src="http://www.emilividal.com/wp-content/uploads/2018/11/VISTA-DES-DE-TERRA-02-4-592x424.jpg" class="attachment-baroque-blog-grid size-baroque-blog-grid" alt="" /></a>
			</div></figure>
		</div>
		</div>
						</div>
				</div>
				<div class="elementor-element elementor-element-a624a17 elementor-widget elementor-widget-heading" data-id="a624a17" data-element_type="widget" data-widget_type="heading.default">
				<div class="elementor-widget-container">
					<h6 class="elementor-heading-title elementor-size-default"><a href="http://www.emilividal.com/?page_id=3254">NEXT
<font color="#7a7a7a"><span style="font-weight: 400;text-transform: none">Project</span></font>  &gt;</a></h6>				</div>
				</div>
					</div>
		</div>
					</div>
		</section>
				</div>

<p>TERCIARI | PROJECTES NOU CAMP Barcelona Proposta d&#8217;illa artificial davant el Fòrum amb l&#8217;ús d&#8217;un nou estadi del Futbol Club Barcelona. Es proposa una nova àrea de centralitat a Barcelona a prop del encara degradat litoral Barcelonès Nord, potencialment la zona del litoral, i catalitzadora d&#8217;un nou impuls urbanístic, econòmic, turístic de la ciutat. Es [&hellip;]</p>
