{"id":3052,"date":"2018-11-21T17:10:59","date_gmt":"2018-11-21T17:10:59","guid":{"rendered":"http:\/\/www.emilividal.com\/?page_id=3052"},"modified":"2019-05-06T14:07:09","modified_gmt":"2019-05-06T14:07:09","slug":"blocs-banys","status":"publish","type":"page","link":"http:\/\/www.emilividal.com\/?page_id=3052","title":{"rendered":"PROMOCI\u00d3 RONDA DE DALT"},"content":{"rendered":"\t\t<div data-elementor-type=\"wp-post\" data-elementor-id=\"3052\" class=\"elementor elementor-3052 elementor-bc-flex-widget\">\n\t\t\t\t\t\t<section class=\"elementor-section elementor-top-section elementor-element elementor-element-2e8f0c6 elementor-section-content-middle elementor-section-boxed elementor-section-height-default elementor-section-height-default\" data-id=\"2e8f0c6\" data-element_type=\"section\" data-settings=\"{&quot;background_background&quot;:&quot;classic&quot;}\">\n\t\t\t\t\t\t<div class=\"elementor-container elementor-column-gap-no\">\n\t\t\t\t\t<div class=\"elementor-column elementor-col-50 elementor-top-column elementor-element elementor-element-0389149\" data-id=\"0389149\" data-element_type=\"column\">\n\t\t\t<div class=\"elementor-widget-wrap elementor-element-populated\">\n\t\t\t\t\t\t<div class=\"elementor-element elementor-element-e24d5de elementor-widget elementor-widget-heading\" data-id=\"e24d5de\" data-element_type=\"widget\" data-widget_type=\"heading.default\">\n\t\t\t\t<div class=\"elementor-widget-container\">\n\t\t\t\t\t<h6 class=\"elementor-heading-title elementor-size-default\">BLOCS\n<span style=\"font-size: 17px\">| PROJECTES<\/span><span style=\"font-size: 17px\"><\/span><\/h6>\t\t\t\t<\/div>\n\t\t\t\t<\/div>\n\t\t\t\t<div class=\"elementor-element elementor-element-4916e1a elementor-widget elementor-widget-heading\" data-id=\"4916e1a\" data-element_type=\"widget\" data-widget_type=\"heading.default\">\n\t\t\t\t<div class=\"elementor-widget-container\">\n\t\t\t\t\t<h6 class=\"elementor-heading-title elementor-size-default\">promoci\u00f3 ronda de dalt    \n<span style=\"font-weight: 400;text-transform: none\"> Barcelona   <\/span><\/h6>\t\t\t\t<\/div>\n\t\t\t\t<\/div>\n\t\t\t\t<div class=\"elementor-element elementor-element-f5a5c38 elementor-widget elementor-widget-spacer\" data-id=\"f5a5c38\" data-element_type=\"widget\" data-widget_type=\"spacer.default\">\n\t\t\t\t<div class=\"elementor-widget-container\">\n\t\t\t\t\t\t\t<div class=\"elementor-spacer\">\n\t\t\t<div class=\"elementor-spacer-inner\"><\/div>\n\t\t<\/div>\n\t\t\t\t\t\t<\/div>\n\t\t\t\t<\/div>\n\t\t\t\t\t<\/div>\n\t\t<\/div>\n\t\t\t\t<div class=\"elementor-column elementor-col-50 elementor-top-column elementor-element elementor-element-c60a9f3\" data-id=\"c60a9f3\" data-element_type=\"column\">\n\t\t\t<div class=\"elementor-widget-wrap elementor-element-populated\">\n\t\t\t\t\t\t<div class=\"elementor-element elementor-element-a3a9f4c elementor-widget elementor-widget-text-editor\" data-id=\"a3a9f4c\" data-element_type=\"widget\" data-widget_type=\"text-editor.default\">\n\t\t\t\t<div class=\"elementor-widget-container\">\n\t\t\t\t\t\t\t\t\t<p>Edifici d&#8217;apartaments al districte de Sarri\u00e0 &#8211; Sant Gervasi, i al seus peus Barcelona.\u00a0<\/p><p>Corredor central d&#8217;accesos alliberant les fa\u00e7anes en tota la seva privacitat a les terrasses.<\/p><p>M\u00e8tode constructiu i estructural amb prefabricats de formig\u00f3 i adaptat bioclim\u00e0tic.<\/p>\t\t\t\t\t\t\t\t<\/div>\n\t\t\t\t<\/div>\n\t\t\t\t\t<\/div>\n\t\t<\/div>\n\t\t\t\t\t<\/div>\n\t\t<\/section>\n\t\t\t\t<section class=\"elementor-section elementor-top-section elementor-element elementor-element-29d4e11 elementor-section-boxed elementor-section-height-default elementor-section-height-default\" data-id=\"29d4e11\" data-element_type=\"section\">\n\t\t\t\t\t\t<div class=\"elementor-container elementor-column-gap-default\">\n\t\t\t\t\t<div class=\"elementor-column elementor-col-100 elementor-top-column elementor-element elementor-element-ede3462\" data-id=\"ede3462\" data-element_type=\"column\">\n\t\t\t<div class=\"elementor-widget-wrap elementor-element-populated\">\n\t\t\t\t\t\t<div class=\"elementor-element elementor-element-ef88735 elementor-widget elementor-widget-image-gallery\" data-id=\"ef88735\" data-element_type=\"widget\" data-widget_type=\"image-gallery.default\">\n\t\t\t\t<div class=\"elementor-widget-container\">\n\t\t\t\t\t\t\t<div class=\"elementor-image-gallery\">\n\t\t\t<div id='gallery-1' class='gallery galleryid-3052 gallery-columns-2 gallery-size-baroque-blog-grid'><figure class='gallery-item'>\n\t\t\t<div class='gallery-icon landscape'>\n\t\t\t\t<a data-elementor-open-lightbox=\"yes\" data-elementor-lightbox-slideshow=\"ef88735\" data-elementor-lightbox-title=\"BCN1\" data-e-action-hash=\"#elementor-action%3Aaction%3Dlightbox%26settings%3DeyJpZCI6MzUyMCwidXJsIjoiaHR0cDpcL1wvd3d3LmVtaWxpdmlkYWwuY29tXC93cC1jb250ZW50XC91cGxvYWRzXC8yMDE5XC8wMlwvQkNOMS5qcGciLCJzbGlkZXNob3ciOiJlZjg4NzM1In0%3D\" href='http:\/\/www.emilividal.com\/wp-content\/uploads\/2019\/02\/BCN1.jpg'><img fetchpriority=\"high\" decoding=\"async\" width=\"592\" height=\"357\" src=\"http:\/\/www.emilividal.com\/wp-content\/uploads\/2019\/02\/BCN1-592x357.jpg\" class=\"attachment-baroque-blog-grid size-baroque-blog-grid\" alt=\"\" \/><\/a>\n\t\t\t<\/div><\/figure><figure class='gallery-item'>\n\t\t\t<div class='gallery-icon landscape'>\n\t\t\t\t<a data-elementor-open-lightbox=\"yes\" data-elementor-lightbox-slideshow=\"ef88735\" data-elementor-lightbox-title=\"BCN2\" data-e-action-hash=\"#elementor-action%3Aaction%3Dlightbox%26settings%3DeyJpZCI6MzUyMSwidXJsIjoiaHR0cDpcL1wvd3d3LmVtaWxpdmlkYWwuY29tXC93cC1jb250ZW50XC91cGxvYWRzXC8yMDE5XC8wMlwvQkNOMi5qcGciLCJzbGlkZXNob3ciOiJlZjg4NzM1In0%3D\" href='http:\/\/www.emilividal.com\/wp-content\/uploads\/2019\/02\/BCN2.jpg'><img decoding=\"async\" width=\"592\" height=\"424\" src=\"http:\/\/www.emilividal.com\/wp-content\/uploads\/2019\/02\/BCN2-592x424.jpg\" class=\"attachment-baroque-blog-grid size-baroque-blog-grid\" alt=\"\" srcset=\"http:\/\/www.emilividal.com\/wp-content\/uploads\/2019\/02\/BCN2-592x424.jpg 592w, http:\/\/www.emilividal.com\/wp-content\/uploads\/2019\/02\/BCN2-300x214.jpg 300w, http:\/\/www.emilividal.com\/wp-content\/uploads\/2019\/02\/BCN2-768x549.jpg 768w, http:\/\/www.emilividal.com\/wp-content\/uploads\/2019\/02\/BCN2-600x429.jpg 600w, http:\/\/www.emilividal.com\/wp-content\/uploads\/2019\/02\/BCN2.jpg 796w\" sizes=\"(max-width: 592px) 100vw, 592px\" \/><\/a>\n\t\t\t<\/div><\/figure><figure class='gallery-item'>\n\t\t\t<div class='gallery-icon landscape'>\n\t\t\t\t<a data-elementor-open-lightbox=\"yes\" data-elementor-lightbox-slideshow=\"ef88735\" data-elementor-lightbox-title=\"BCN3\" data-e-action-hash=\"#elementor-action%3Aaction%3Dlightbox%26settings%3DeyJpZCI6MzUyMiwidXJsIjoiaHR0cDpcL1wvd3d3LmVtaWxpdmlkYWwuY29tXC93cC1jb250ZW50XC91cGxvYWRzXC8yMDE5XC8wMlwvQkNOMy5qcGciLCJzbGlkZXNob3ciOiJlZjg4NzM1In0%3D\" href='http:\/\/www.emilividal.com\/wp-content\/uploads\/2019\/02\/BCN3.jpg'><img decoding=\"async\" width=\"592\" height=\"337\" src=\"http:\/\/www.emilividal.com\/wp-content\/uploads\/2019\/02\/BCN3-592x337.jpg\" class=\"attachment-baroque-blog-grid size-baroque-blog-grid\" alt=\"\" \/><\/a>\n\t\t\t<\/div><\/figure>\n\t\t<\/div>\n\t\t<\/div>\n\t\t\t\t\t\t<\/div>\n\t\t\t\t<\/div>\n\t\t\t\t<div class=\"elementor-element elementor-element-a624a17 elementor-widget elementor-widget-heading\" data-id=\"a624a17\" data-element_type=\"widget\" data-widget_type=\"heading.default\">\n\t\t\t\t<div class=\"elementor-widget-container\">\n\t\t\t\t\t<h6 class=\"elementor-heading-title elementor-size-default\"><a href=\"http:\/\/www.emilividal.com\/?page_id=3059\">NEXT\n<font color=\"#7a7a7a\"><span style=\"font-weight: 400;text-transform: none\">Project<\/span><\/font>  &gt;<\/a><\/h6>\t\t\t\t<\/div>\n\t\t\t\t<\/div>\n\t\t\t\t\t<\/div>\n\t\t<\/div>\n\t\t\t\t\t<\/div>\n\t\t<\/section>\n\t\t\t\t<\/div>\n\t\t","protected":false},"excerpt":{"rendered":"<p>BLOCS | PROJECTES promoci\u00f3 ronda de dalt Barcelona Edifici d&#8217;apartaments al districte de Sarri\u00e0 &#8211; Sant Gervasi, i al seus peus Barcelona.\u00a0 Corredor central d&#8217;accesos alliberant les fa\u00e7anes en tota la seva privacitat a les terrasses. M\u00e8tode constructiu i estructural amb prefabricats de formig\u00f3 i adaptat bioclim\u00e0tic. NEXT Project &gt;<\/p>\n","protected":false},"author":1,"featured_media":0,"parent":0,"menu_order":0,"comment_status":"closed","ping_status":"open","template":"template-fullwidth.php","meta":{"_monsterinsights_skip_tracking":false,"_monsterinsights_sitenote_active":false,"_monsterinsights_sitenote_note":"","_monsterinsights_sitenote_category":0,"footnotes":""},"class_list":["post-3052","page","type-page","status-publish","hentry","no-thumb"],"_links":{"self":[{"href":"http:\/\/www.emilividal.com\/index.php?rest_route=\/wp\/v2\/pages\/3052","targetHints":{"allow":["GET"]}}],"collection":[{"href":"http:\/\/www.emilividal.com\/index.php?rest_route=\/wp\/v2\/pages"}],"about":[{"href":"http:\/\/www.emilividal.com\/index.php?rest_route=\/wp\/v2\/types\/page"}],"author":[{"embeddable":true,"href":"http:\/\/www.emilividal.com\/index.php?rest_route=\/wp\/v2\/users\/1"}],"replies":[{"embeddable":true,"href":"http:\/\/www.emilividal.com\/index.php?rest_route=%2Fwp%2Fv2%2Fcomments&post=3052"}],"version-history":[{"count":10,"href":"http:\/\/www.emilividal.com\/index.php?rest_route=\/wp\/v2\/pages\/3052\/revisions"}],"predecessor-version":[{"id":4104,"href":"http:\/\/www.emilividal.com\/index.php?rest_route=\/wp\/v2\/pages\/3052\/revisions\/4104"}],"wp:attachment":[{"href":"http:\/\/www.emilividal.com\/index.php?rest_route=%2Fwp%2Fv2%2Fmedia&parent=3052"}],"curies":[{"name":"wp","href":"https:\/\/api.w.org\/{rel}","templated":true}]}}

PROMOCIÓ RONDA DE DALT

<div data-elementor-type="wp-post" data-elementor-id="3052" class="elementor elementor-3052 elementor-bc-flex-widget">
						<section class="elementor-section elementor-top-section elementor-element elementor-element-2e8f0c6 elementor-section-content-middle elementor-section-boxed elementor-section-height-default elementor-section-height-default" data-id="2e8f0c6" data-element_type="section" data-settings="{&quot;background_background&quot;:&quot;classic&quot;}">
						<div class="elementor-container elementor-column-gap-no">
					<div class="elementor-column elementor-col-50 elementor-top-column elementor-element elementor-element-0389149" data-id="0389149" data-element_type="column">
			<div class="elementor-widget-wrap elementor-element-populated">
						<div class="elementor-element elementor-element-e24d5de elementor-widget elementor-widget-heading" data-id="e24d5de" data-element_type="widget" data-widget_type="heading.default">
				<div class="elementor-widget-container">
					<h6 class="elementor-heading-title elementor-size-default">BLOCS
<span style="font-size: 17px">| PROJECTES</span><span style="font-size: 17px"></span></h6>				</div>
				</div>
				<div class="elementor-element elementor-element-4916e1a elementor-widget elementor-widget-heading" data-id="4916e1a" data-element_type="widget" data-widget_type="heading.default">
				<div class="elementor-widget-container">
					<h6 class="elementor-heading-title elementor-size-default">promoció ronda de dalt    
<span style="font-weight: 400;text-transform: none"> Barcelona   </span></h6>				</div>
				</div>
				<div class="elementor-element elementor-element-f5a5c38 elementor-widget elementor-widget-spacer" data-id="f5a5c38" data-element_type="widget" data-widget_type="spacer.default">
				<div class="elementor-widget-container">
							<div class="elementor-spacer">
			<div class="elementor-spacer-inner"></div>
		</div>
						</div>
				</div>
					</div>
		</div>
				<div class="elementor-column elementor-col-50 elementor-top-column elementor-element elementor-element-c60a9f3" data-id="c60a9f3" data-element_type="column">
			<div class="elementor-widget-wrap elementor-element-populated">
						<div class="elementor-element elementor-element-a3a9f4c elementor-widget elementor-widget-text-editor" data-id="a3a9f4c" data-element_type="widget" data-widget_type="text-editor.default">
				<div class="elementor-widget-container">
									<p>Edifici d&#8217;apartaments al districte de Sarrià &#8211; Sant Gervasi, i al seus peus Barcelona. </p><p>Corredor central d&#8217;accesos alliberant les façanes en tota la seva privacitat a les terrasses.</p><p>Mètode constructiu i estructural amb prefabricats de formigó i adaptat bioclimàtic.</p>								</div>
				</div>
					</div>
		</div>
					</div>
		</section>
				<section class="elementor-section elementor-top-section elementor-element elementor-element-29d4e11 elementor-section-boxed elementor-section-height-default elementor-section-height-default" data-id="29d4e11" data-element_type="section">
						<div class="elementor-container elementor-column-gap-default">
					<div class="elementor-column elementor-col-100 elementor-top-column elementor-element elementor-element-ede3462" data-id="ede3462" data-element_type="column">
			<div class="elementor-widget-wrap elementor-element-populated">
						<div class="elementor-element elementor-element-ef88735 elementor-widget elementor-widget-image-gallery" data-id="ef88735" data-element_type="widget" data-widget_type="image-gallery.default">
				<div class="elementor-widget-container">
							<div class="elementor-image-gallery">
			<div id='gallery-1' class='gallery galleryid-3052 gallery-columns-2 gallery-size-baroque-blog-grid'><figure class='gallery-item'>
			<div class='gallery-icon landscape'>
				<a data-elementor-open-lightbox="yes" data-elementor-lightbox-slideshow="ef88735" data-elementor-lightbox-title="BCN1" data-e-action-hash="#elementor-action%3Aaction%3Dlightbox%26settings%3DeyJpZCI6MzUyMCwidXJsIjoiaHR0cDpcL1wvd3d3LmVtaWxpdmlkYWwuY29tXC93cC1jb250ZW50XC91cGxvYWRzXC8yMDE5XC8wMlwvQkNOMS5qcGciLCJzbGlkZXNob3ciOiJlZjg4NzM1In0%3D" href='http://www.emilividal.com/wp-content/uploads/2019/02/BCN1.jpg'><img fetchpriority="high" decoding="async" width="592" height="357" src="http://www.emilividal.com/wp-content/uploads/2019/02/BCN1-592x357.jpg" class="attachment-baroque-blog-grid size-baroque-blog-grid" alt="" /></a>
			</div></figure><figure class='gallery-item'>
			<div class='gallery-icon landscape'>
				<a data-elementor-open-lightbox="yes" data-elementor-lightbox-slideshow="ef88735" data-elementor-lightbox-title="BCN2" data-e-action-hash="#elementor-action%3Aaction%3Dlightbox%26settings%3DeyJpZCI6MzUyMSwidXJsIjoiaHR0cDpcL1wvd3d3LmVtaWxpdmlkYWwuY29tXC93cC1jb250ZW50XC91cGxvYWRzXC8yMDE5XC8wMlwvQkNOMi5qcGciLCJzbGlkZXNob3ciOiJlZjg4NzM1In0%3D" href='http://www.emilividal.com/wp-content/uploads/2019/02/BCN2.jpg'><img decoding="async" width="592" height="424" src="http://www.emilividal.com/wp-content/uploads/2019/02/BCN2-592x424.jpg" class="attachment-baroque-blog-grid size-baroque-blog-grid" alt="" srcset="http://www.emilividal.com/wp-content/uploads/2019/02/BCN2-592x424.jpg 592w, http://www.emilividal.com/wp-content/uploads/2019/02/BCN2-300x214.jpg 300w, http://www.emilividal.com/wp-content/uploads/2019/02/BCN2-768x549.jpg 768w, http://www.emilividal.com/wp-content/uploads/2019/02/BCN2-600x429.jpg 600w, http://www.emilividal.com/wp-content/uploads/2019/02/BCN2.jpg 796w" sizes="(max-width: 592px) 100vw, 592px" /></a>
			</div></figure><figure class='gallery-item'>
			<div class='gallery-icon landscape'>
				<a data-elementor-open-lightbox="yes" data-elementor-lightbox-slideshow="ef88735" data-elementor-lightbox-title="BCN3" data-e-action-hash="#elementor-action%3Aaction%3Dlightbox%26settings%3DeyJpZCI6MzUyMiwidXJsIjoiaHR0cDpcL1wvd3d3LmVtaWxpdmlkYWwuY29tXC93cC1jb250ZW50XC91cGxvYWRzXC8yMDE5XC8wMlwvQkNOMy5qcGciLCJzbGlkZXNob3ciOiJlZjg4NzM1In0%3D" href='http://www.emilividal.com/wp-content/uploads/2019/02/BCN3.jpg'><img decoding="async" width="592" height="337" src="http://www.emilividal.com/wp-content/uploads/2019/02/BCN3-592x337.jpg" class="attachment-baroque-blog-grid size-baroque-blog-grid" alt="" /></a>
			</div></figure>
		</div>
		</div>
						</div>
				</div>
				<div class="elementor-element elementor-element-a624a17 elementor-widget elementor-widget-heading" data-id="a624a17" data-element_type="widget" data-widget_type="heading.default">
				<div class="elementor-widget-container">
					<h6 class="elementor-heading-title elementor-size-default"><a href="http://www.emilividal.com/?page_id=3059">NEXT
<font color="#7a7a7a"><span style="font-weight: 400;text-transform: none">Project</span></font>  &gt;</a></h6>				</div>
				</div>
					</div>
		</div>
					</div>
		</section>
				</div>

<p>BLOCS | PROJECTES promoció ronda de dalt Barcelona Edifici d&#8217;apartaments al districte de Sarrià &#8211; Sant Gervasi, i al seus peus Barcelona.  Corredor central d&#8217;accesos alliberant les façanes en tota la seva privacitat a les terrasses. Mètode constructiu i estructural amb prefabricats de formigó i adaptat bioclimàtic. NEXT Project &gt;</p>
