{"id":3028,"date":"2018-11-21T16:39:05","date_gmt":"2018-11-21T16:39:05","guid":{"rendered":"http:\/\/www.emilividal.com\/?page_id=3028"},"modified":"2019-02-19T10:51:44","modified_gmt":"2019-02-19T10:51:44","slug":"houses","status":"publish","type":"page","link":"http:\/\/www.emilividal.com\/?page_id=3028","title":{"rendered":"Houses"},"content":{"rendered":"\t\t<div data-elementor-type=\"wp-post\" data-elementor-id=\"3028\" class=\"elementor elementor-3028 elementor-bc-flex-widget\">\n\t\t\t\t\t\t<section class=\"elementor-section elementor-top-section elementor-element elementor-element-1cdb665 elementor-section-content-middle elementor-section-full_width elementor-section-height-default elementor-section-height-default\" data-id=\"1cdb665\" data-element_type=\"section\" data-settings=\"{&quot;background_background&quot;:&quot;classic&quot;}\">\n\t\t\t\t\t\t<div class=\"elementor-container elementor-column-gap-no\">\n\t\t\t\t\t<div class=\"elementor-column elementor-col-100 elementor-top-column elementor-element elementor-element-a014f96\" data-id=\"a014f96\" data-element_type=\"column\">\n\t\t\t<div class=\"elementor-widget-wrap elementor-element-populated\">\n\t\t\t\t\t\t<div class=\"elementor-element elementor-element-4eac74d elementor-widget elementor-widget-heading\" data-id=\"4eac74d\" data-element_type=\"widget\" data-widget_type=\"heading.default\">\n\t\t\t\t<div class=\"elementor-widget-container\">\n\t\t\t\t\t<h6 class=\"elementor-heading-title elementor-size-default\">HOUSES\n<span style=\"font-size: 17px\">| PROJECTES<\/span><span style=\"font-size: 17px\"><\/span><\/h6>\t\t\t\t<\/div>\n\t\t\t\t<\/div>\n\t\t\t\t\t<\/div>\n\t\t<\/div>\n\t\t\t\t\t<\/div>\n\t\t<\/section>\n\t\t\t\t<section class=\"elementor-section elementor-top-section elementor-element elementor-element-af922f4 elementor-section-full_width elementor-section-height-min-height elementor-section-height-default elementor-section-items-middle\" data-id=\"af922f4\" data-element_type=\"section\" data-settings=\"{&quot;background_background&quot;:&quot;classic&quot;}\">\n\t\t\t\t\t\t\t<div class=\"elementor-background-overlay\"><\/div>\n\t\t\t\t\t\t\t<div class=\"elementor-container elementor-column-gap-default\">\n\t\t\t\t\t<div class=\"elementor-column elementor-col-100 elementor-top-column elementor-element elementor-element-39d9195\" data-id=\"39d9195\" data-element_type=\"column\">\n\t\t\t<div class=\"elementor-widget-wrap elementor-element-populated\">\n\t\t\t\t\t\t<section class=\"elementor-section elementor-inner-section elementor-element elementor-element-f12ef21 elementor-section-boxed elementor-section-height-default elementor-section-height-default\" data-id=\"f12ef21\" data-element_type=\"section\">\n\t\t\t\t\t\t<div class=\"elementor-container elementor-column-gap-default\">\n\t\t\t\t\t<div class=\"elementor-column elementor-col-33 elementor-inner-column elementor-element elementor-element-31da3d4\" data-id=\"31da3d4\" data-element_type=\"column\">\n\t\t\t<div class=\"elementor-widget-wrap elementor-element-populated\">\n\t\t\t\t\t\t<div class=\"elementor-element elementor-element-7520909 elementor-widget elementor-widget-image\" data-id=\"7520909\" data-element_type=\"widget\" data-widget_type=\"image.default\">\n\t\t\t\t<div class=\"elementor-widget-container\">\n\t\t\t\t\t\t\t\t\t\t\t\t\t\t\t\t<a href=\"http:\/\/www.emilividal.com\/?page_id=3394\">\n\t\t\t\t\t\t\t<img fetchpriority=\"high\" decoding=\"async\" width=\"796\" height=\"588\" src=\"http:\/\/www.emilividal.com\/wp-content\/uploads\/2018\/11\/Casa-Premia\u0300.jpg\" class=\"attachment-baroque-blog-classic size-baroque-blog-classic wp-image-3035\" alt=\"\" srcset=\"http:\/\/www.emilividal.com\/wp-content\/uploads\/2018\/11\/Casa-Premia\u0300.jpg 796w, http:\/\/www.emilividal.com\/wp-content\/uploads\/2018\/11\/Casa-Premia\u0300-300x222.jpg 300w, http:\/\/www.emilividal.com\/wp-content\/uploads\/2018\/11\/Casa-Premia\u0300-768x567.jpg 768w, http:\/\/www.emilividal.com\/wp-content\/uploads\/2018\/11\/Casa-Premia\u0300-600x443.jpg 600w\" sizes=\"(max-width: 796px) 100vw, 796px\" \/>\t\t\t\t\t\t\t\t<\/a>\n\t\t\t\t\t\t\t\t\t\t\t\t\t\t\t<\/div>\n\t\t\t\t<\/div>\n\t\t\t\t<div class=\"elementor-element elementor-element-638b4afa elementor-widget elementor-widget-heading\" data-id=\"638b4afa\" data-element_type=\"widget\" data-widget_type=\"heading.default\">\n\t\t\t\t<div class=\"elementor-widget-container\">\n\t\t\t\t\t<h6 class=\"elementor-heading-title elementor-size-default\">CASA jos\u00e9 luis <span style=\"font-weight: 400;text-transform: none\">Premi\u00e0 de Mar<\/span><\/h6>\t\t\t\t<\/div>\n\t\t\t\t<\/div>\n\t\t\t\t\t<\/div>\n\t\t<\/div>\n\t\t\t\t<div class=\"elementor-column elementor-col-33 elementor-inner-column elementor-element elementor-element-7ca83db\" data-id=\"7ca83db\" data-element_type=\"column\">\n\t\t\t<div class=\"elementor-widget-wrap elementor-element-populated\">\n\t\t\t\t\t\t<div class=\"elementor-element elementor-element-80c8c7f elementor-widget elementor-widget-image\" data-id=\"80c8c7f\" data-element_type=\"widget\" data-widget_type=\"image.default\">\n\t\t\t\t<div class=\"elementor-widget-container\">\n\t\t\t\t\t\t\t\t\t\t\t\t\t\t\t\t<a href=\"http:\/\/www.emilividal.com\/?page_id=3127\">\n\t\t\t\t\t\t\t<img decoding=\"async\" width=\"796\" height=\"588\" src=\"http:\/\/www.emilividal.com\/wp-content\/uploads\/2019\/02\/Portada-3.jpg\" class=\"attachment-baroque-blog-classic size-baroque-blog-classic wp-image-3461\" alt=\"\" srcset=\"http:\/\/www.emilividal.com\/wp-content\/uploads\/2019\/02\/Portada-3.jpg 796w, http:\/\/www.emilividal.com\/wp-content\/uploads\/2019\/02\/Portada-3-300x222.jpg 300w, http:\/\/www.emilividal.com\/wp-content\/uploads\/2019\/02\/Portada-3-768x567.jpg 768w, http:\/\/www.emilividal.com\/wp-content\/uploads\/2019\/02\/Portada-3-600x443.jpg 600w\" sizes=\"(max-width: 796px) 100vw, 796px\" \/>\t\t\t\t\t\t\t\t<\/a>\n\t\t\t\t\t\t\t\t\t\t\t\t\t\t\t<\/div>\n\t\t\t\t<\/div>\n\t\t\t\t<div class=\"elementor-element elementor-element-2210b10 elementor-widget elementor-widget-heading\" data-id=\"2210b10\" data-element_type=\"widget\" data-widget_type=\"heading.default\">\n\t\t\t\t<div class=\"elementor-widget-container\">\n\t\t\t\t\t<h6 class=\"elementor-heading-title elementor-size-default\">CASA HORACIO<span style=\"font-weight: 400;text-transform: none\"> Sant Vicen\u00e7 de Montalt<\/span><\/h6>\t\t\t\t<\/div>\n\t\t\t\t<\/div>\n\t\t\t\t\t<\/div>\n\t\t<\/div>\n\t\t\t\t<div class=\"elementor-column elementor-col-33 elementor-inner-column elementor-element elementor-element-0cf92be\" data-id=\"0cf92be\" data-element_type=\"column\">\n\t\t\t<div class=\"elementor-widget-wrap elementor-element-populated\">\n\t\t\t\t\t\t<div class=\"elementor-element elementor-element-6c8a60e elementor-widget elementor-widget-image\" data-id=\"6c8a60e\" data-element_type=\"widget\" data-widget_type=\"image.default\">\n\t\t\t\t<div class=\"elementor-widget-container\">\n\t\t\t\t\t\t\t\t\t\t\t\t\t\t\t\t<a href=\"http:\/\/www.emilividal.com\/?page_id=3133\">\n\t\t\t\t\t\t\t<img decoding=\"async\" width=\"796\" height=\"588\" src=\"http:\/\/www.emilividal.com\/wp-content\/uploads\/2019\/02\/portada.jpg\" class=\"attachment-baroque-blog-classic size-baroque-blog-classic wp-image-3462\" alt=\"\" srcset=\"http:\/\/www.emilividal.com\/wp-content\/uploads\/2019\/02\/portada.jpg 796w, http:\/\/www.emilividal.com\/wp-content\/uploads\/2019\/02\/portada-300x222.jpg 300w, http:\/\/www.emilividal.com\/wp-content\/uploads\/2019\/02\/portada-768x567.jpg 768w, http:\/\/www.emilividal.com\/wp-content\/uploads\/2019\/02\/portada-600x443.jpg 600w\" sizes=\"(max-width: 796px) 100vw, 796px\" \/>\t\t\t\t\t\t\t\t<\/a>\n\t\t\t\t\t\t\t\t\t\t\t\t\t\t\t<\/div>\n\t\t\t\t<\/div>\n\t\t\t\t<div class=\"elementor-element elementor-element-512d08d elementor-widget elementor-widget-heading\" data-id=\"512d08d\" data-element_type=\"widget\" data-widget_type=\"heading.default\">\n\t\t\t\t<div class=\"elementor-widget-container\">\n\t\t\t\t\t<h6 class=\"elementor-heading-title elementor-size-default\">CASA MART\u00cd <span style=\"font-weight: 400;text-transform: none\">L'Ametll\u00e0 del Vall\u00e8s<\/span><\/h6>\t\t\t\t<\/div>\n\t\t\t\t<\/div>\n\t\t\t\t\t<\/div>\n\t\t<\/div>\n\t\t\t\t\t<\/div>\n\t\t<\/section>\n\t\t\t\t<section class=\"elementor-section elementor-inner-section elementor-element elementor-element-b080e44 elementor-section-boxed elementor-section-height-default elementor-section-height-default\" data-id=\"b080e44\" data-element_type=\"section\">\n\t\t\t\t\t\t<div class=\"elementor-container elementor-column-gap-default\">\n\t\t\t\t\t<div class=\"elementor-column elementor-col-33 elementor-inner-column elementor-element elementor-element-f2a4203\" data-id=\"f2a4203\" data-element_type=\"column\">\n\t\t\t<div class=\"elementor-widget-wrap elementor-element-populated\">\n\t\t\t\t\t\t<div class=\"elementor-element elementor-element-bca4097 elementor-widget elementor-widget-image\" data-id=\"bca4097\" data-element_type=\"widget\" data-widget_type=\"image.default\">\n\t\t\t\t<div class=\"elementor-widget-container\">\n\t\t\t\t\t\t\t\t\t\t\t\t\t\t\t\t<a href=\"http:\/\/www.emilividal.com\/?page_id=3120\">\n\t\t\t\t\t\t\t<img loading=\"lazy\" decoding=\"async\" width=\"796\" height=\"588\" src=\"http:\/\/www.emilividal.com\/wp-content\/uploads\/2018\/11\/Casa-Grau.jpg\" class=\"attachment-baroque-blog-classic size-baroque-blog-classic wp-image-3031\" alt=\"\" srcset=\"http:\/\/www.emilividal.com\/wp-content\/uploads\/2018\/11\/Casa-Grau.jpg 796w, http:\/\/www.emilividal.com\/wp-content\/uploads\/2018\/11\/Casa-Grau-300x222.jpg 300w, http:\/\/www.emilividal.com\/wp-content\/uploads\/2018\/11\/Casa-Grau-768x567.jpg 768w, http:\/\/www.emilividal.com\/wp-content\/uploads\/2018\/11\/Casa-Grau-600x443.jpg 600w\" sizes=\"(max-width: 796px) 100vw, 796px\" \/>\t\t\t\t\t\t\t\t<\/a>\n\t\t\t\t\t\t\t\t\t\t\t\t\t\t\t<\/div>\n\t\t\t\t<\/div>\n\t\t\t\t<div class=\"elementor-element elementor-element-dc42ffd elementor-widget elementor-widget-heading\" data-id=\"dc42ffd\" data-element_type=\"widget\" data-widget_type=\"heading.default\">\n\t\t\t\t<div class=\"elementor-widget-container\">\n\t\t\t\t\t<h6 class=\"elementor-heading-title elementor-size-default\">CASA GRAU <font color=\"#7a7a7a\"><span style=\"font-weight: 400;text-transform: none\">La Roca del Vall\u00e8s<\/span><\/font><\/h6>\t\t\t\t<\/div>\n\t\t\t\t<\/div>\n\t\t\t\t\t<\/div>\n\t\t<\/div>\n\t\t\t\t<div class=\"elementor-column elementor-col-33 elementor-inner-column elementor-element elementor-element-0192dc0\" data-id=\"0192dc0\" data-element_type=\"column\">\n\t\t\t<div class=\"elementor-widget-wrap elementor-element-populated\">\n\t\t\t\t\t\t<div class=\"elementor-element elementor-element-95e9e7b elementor-widget elementor-widget-image\" data-id=\"95e9e7b\" data-element_type=\"widget\" data-widget_type=\"image.default\">\n\t\t\t\t<div class=\"elementor-widget-container\">\n\t\t\t\t\t\t\t\t\t\t\t\t\t\t\t\t<a href=\"http:\/\/www.emilividal.com\/?page_id=3147\">\n\t\t\t\t\t\t\t<img loading=\"lazy\" decoding=\"async\" width=\"796\" height=\"588\" src=\"http:\/\/www.emilividal.com\/wp-content\/uploads\/2018\/11\/Casa-Vicenc\u0327.jpg\" class=\"attachment-baroque-blog-classic size-baroque-blog-classic wp-image-3037\" alt=\"\" srcset=\"http:\/\/www.emilividal.com\/wp-content\/uploads\/2018\/11\/Casa-Vicenc\u0327.jpg 796w, http:\/\/www.emilividal.com\/wp-content\/uploads\/2018\/11\/Casa-Vicenc\u0327-300x222.jpg 300w, http:\/\/www.emilividal.com\/wp-content\/uploads\/2018\/11\/Casa-Vicenc\u0327-768x567.jpg 768w, http:\/\/www.emilividal.com\/wp-content\/uploads\/2018\/11\/Casa-Vicenc\u0327-600x443.jpg 600w\" sizes=\"(max-width: 796px) 100vw, 796px\" \/>\t\t\t\t\t\t\t\t<\/a>\n\t\t\t\t\t\t\t\t\t\t\t\t\t\t\t<\/div>\n\t\t\t\t<\/div>\n\t\t\t\t<div class=\"elementor-element elementor-element-ea48acb elementor-widget elementor-widget-heading\" data-id=\"ea48acb\" data-element_type=\"widget\" data-widget_type=\"heading.default\">\n\t\t\t\t<div class=\"elementor-widget-container\">\n\t\t\t\t\t<h6 class=\"elementor-heading-title elementor-size-default\">CASA VICEN\u00c7 <span style=\"font-weight: 400;text-transform: none\"> Granollers   <\/span><\/h6>\t\t\t\t<\/div>\n\t\t\t\t<\/div>\n\t\t\t\t\t<\/div>\n\t\t<\/div>\n\t\t\t\t<div class=\"elementor-column elementor-col-33 elementor-inner-column elementor-element elementor-element-9426f52\" data-id=\"9426f52\" data-element_type=\"column\">\n\t\t\t<div class=\"elementor-widget-wrap elementor-element-populated\">\n\t\t\t\t\t\t<div class=\"elementor-element elementor-element-59e5c26 elementor-widget elementor-widget-image\" data-id=\"59e5c26\" data-element_type=\"widget\" data-widget_type=\"image.default\">\n\t\t\t\t<div class=\"elementor-widget-container\">\n\t\t\t\t\t\t\t\t\t\t\t\t\t\t\t\t<a href=\"http:\/\/www.emilividal.com\/?page_id=3155\">\n\t\t\t\t\t\t\t<img loading=\"lazy\" decoding=\"async\" width=\"796\" height=\"588\" src=\"http:\/\/www.emilividal.com\/wp-content\/uploads\/2018\/11\/Cases-Modulars.jpg\" class=\"attachment-baroque-blog-classic size-baroque-blog-classic wp-image-3036\" alt=\"\" srcset=\"http:\/\/www.emilividal.com\/wp-content\/uploads\/2018\/11\/Cases-Modulars.jpg 796w, http:\/\/www.emilividal.com\/wp-content\/uploads\/2018\/11\/Cases-Modulars-300x222.jpg 300w, http:\/\/www.emilividal.com\/wp-content\/uploads\/2018\/11\/Cases-Modulars-768x567.jpg 768w, http:\/\/www.emilividal.com\/wp-content\/uploads\/2018\/11\/Cases-Modulars-600x443.jpg 600w\" sizes=\"(max-width: 796px) 100vw, 796px\" \/>\t\t\t\t\t\t\t\t<\/a>\n\t\t\t\t\t\t\t\t\t\t\t\t\t\t\t<\/div>\n\t\t\t\t<\/div>\n\t\t\t\t<div class=\"elementor-element elementor-element-27b7bad elementor-widget elementor-widget-heading\" data-id=\"27b7bad\" data-element_type=\"widget\" data-widget_type=\"heading.default\">\n\t\t\t\t<div class=\"elementor-widget-container\">\n\t\t\t\t\t<h6 class=\"elementor-heading-title elementor-size-default\">CASES MODULARS<span style=\"font-weight: 400;text-transform: none\"> Osona  <\/span><\/h6>\t\t\t\t<\/div>\n\t\t\t\t<\/div>\n\t\t\t\t\t<\/div>\n\t\t<\/div>\n\t\t\t\t\t<\/div>\n\t\t<\/section>\n\t\t\t\t<section class=\"elementor-section elementor-inner-section elementor-element elementor-element-876f70b elementor-section-boxed elementor-section-height-default elementor-section-height-default\" data-id=\"876f70b\" data-element_type=\"section\">\n\t\t\t\t\t\t<div class=\"elementor-container elementor-column-gap-default\">\n\t\t\t\t\t<div class=\"elementor-column elementor-col-33 elementor-inner-column elementor-element elementor-element-76c319b\" data-id=\"76c319b\" data-element_type=\"column\">\n\t\t\t<div class=\"elementor-widget-wrap elementor-element-populated\">\n\t\t\t\t\t\t<div class=\"elementor-element elementor-element-9085d4b elementor-widget elementor-widget-image\" data-id=\"9085d4b\" data-element_type=\"widget\" data-widget_type=\"image.default\">\n\t\t\t\t<div class=\"elementor-widget-container\">\n\t\t\t\t\t\t\t\t\t\t\t\t\t\t\t\t<a href=\"http:\/\/www.emilividal.com\/?page_id=3163\">\n\t\t\t\t\t\t\t<img loading=\"lazy\" decoding=\"async\" width=\"796\" height=\"588\" src=\"http:\/\/www.emilividal.com\/wp-content\/uploads\/2018\/11\/Parets.jpg\" class=\"attachment-baroque-blog-classic size-baroque-blog-classic wp-image-3039\" alt=\"\" srcset=\"http:\/\/www.emilividal.com\/wp-content\/uploads\/2018\/11\/Parets.jpg 796w, http:\/\/www.emilividal.com\/wp-content\/uploads\/2018\/11\/Parets-300x222.jpg 300w, http:\/\/www.emilividal.com\/wp-content\/uploads\/2018\/11\/Parets-768x567.jpg 768w, http:\/\/www.emilividal.com\/wp-content\/uploads\/2018\/11\/Parets-600x443.jpg 600w\" sizes=\"(max-width: 796px) 100vw, 796px\" \/>\t\t\t\t\t\t\t\t<\/a>\n\t\t\t\t\t\t\t\t\t\t\t\t\t\t\t<\/div>\n\t\t\t\t<\/div>\n\t\t\t\t<div class=\"elementor-element elementor-element-b90b3e3 elementor-widget elementor-widget-heading\" data-id=\"b90b3e3\" data-element_type=\"widget\" data-widget_type=\"heading.default\">\n\t\t\t\t<div class=\"elementor-widget-container\">\n\t\t\t\t\t<h6 class=\"elementor-heading-title elementor-size-default\">cases aparellades <font color=\"#7a7a7a\"><span style=\"font-weight: 400;text-transform: none\">Parets del Vall\u00e8s<\/span><\/font><\/h6>\t\t\t\t<\/div>\n\t\t\t\t<\/div>\n\t\t\t\t\t<\/div>\n\t\t<\/div>\n\t\t\t\t<div class=\"elementor-column elementor-col-33 elementor-inner-column elementor-element elementor-element-15e3b1d\" data-id=\"15e3b1d\" data-element_type=\"column\">\n\t\t\t<div class=\"elementor-widget-wrap elementor-element-populated\">\n\t\t\t\t\t\t<div class=\"elementor-element elementor-element-32c57d7 elementor-widget elementor-widget-image\" data-id=\"32c57d7\" data-element_type=\"widget\" data-widget_type=\"image.default\">\n\t\t\t\t<div class=\"elementor-widget-container\">\n\t\t\t\t\t\t\t\t\t\t\t\t\t\t\t\t<a href=\"http:\/\/www.emilividal.com\/?page_id=3323\">\n\t\t\t\t\t\t\t<img loading=\"lazy\" decoding=\"async\" width=\"796\" height=\"588\" src=\"http:\/\/www.emilividal.com\/wp-content\/uploads\/2019\/02\/eusebi.jpg\" class=\"attachment-baroque-blog-classic size-baroque-blog-classic wp-image-3420\" alt=\"\" srcset=\"http:\/\/www.emilividal.com\/wp-content\/uploads\/2019\/02\/eusebi.jpg 796w, http:\/\/www.emilividal.com\/wp-content\/uploads\/2019\/02\/eusebi-300x222.jpg 300w, http:\/\/www.emilividal.com\/wp-content\/uploads\/2019\/02\/eusebi-768x567.jpg 768w, http:\/\/www.emilividal.com\/wp-content\/uploads\/2019\/02\/eusebi-600x443.jpg 600w\" sizes=\"(max-width: 796px) 100vw, 796px\" \/>\t\t\t\t\t\t\t\t<\/a>\n\t\t\t\t\t\t\t\t\t\t\t\t\t\t\t<\/div>\n\t\t\t\t<\/div>\n\t\t\t\t<div class=\"elementor-element elementor-element-bc8c1cc elementor-widget elementor-widget-heading\" data-id=\"bc8c1cc\" data-element_type=\"widget\" data-widget_type=\"heading.default\">\n\t\t\t\t<div class=\"elementor-widget-container\">\n\t\t\t\t\t<h6 class=\"elementor-heading-title elementor-size-default\">CASA EUSEBI <font color=\"#7a7a7a\"><span style=\"font-weight: 400;text-transform: none\">Gav\u00e0<\/span><\/font><\/h6>\t\t\t\t<\/div>\n\t\t\t\t<\/div>\n\t\t\t\t\t<\/div>\n\t\t<\/div>\n\t\t\t\t<div class=\"elementor-column elementor-col-33 elementor-inner-column elementor-element elementor-element-87aeca8\" data-id=\"87aeca8\" data-element_type=\"column\">\n\t\t\t<div class=\"elementor-widget-wrap elementor-element-populated\">\n\t\t\t\t\t\t<div class=\"elementor-element elementor-element-c33e51e elementor-widget elementor-widget-image\" data-id=\"c33e51e\" data-element_type=\"widget\" data-widget_type=\"image.default\">\n\t\t\t\t<div class=\"elementor-widget-container\">\n\t\t\t\t\t\t\t\t\t\t\t\t\t\t\t\t<a href=\"http:\/\/www.emilividal.com\/?page_id=3381\">\n\t\t\t\t\t\t\t<img loading=\"lazy\" decoding=\"async\" width=\"796\" height=\"588\" src=\"http:\/\/www.emilividal.com\/wp-content\/uploads\/2019\/02\/ferrer.jpg\" class=\"attachment-baroque-blog-classic size-baroque-blog-classic wp-image-3421\" alt=\"\" srcset=\"http:\/\/www.emilividal.com\/wp-content\/uploads\/2019\/02\/ferrer.jpg 796w, http:\/\/www.emilividal.com\/wp-content\/uploads\/2019\/02\/ferrer-300x222.jpg 300w, http:\/\/www.emilividal.com\/wp-content\/uploads\/2019\/02\/ferrer-768x567.jpg 768w, http:\/\/www.emilividal.com\/wp-content\/uploads\/2019\/02\/ferrer-600x443.jpg 600w\" sizes=\"(max-width: 796px) 100vw, 796px\" \/>\t\t\t\t\t\t\t\t<\/a>\n\t\t\t\t\t\t\t\t\t\t\t\t\t\t\t<\/div>\n\t\t\t\t<\/div>\n\t\t\t\t<div class=\"elementor-element elementor-element-ef032ca elementor-widget elementor-widget-heading\" data-id=\"ef032ca\" data-element_type=\"widget\" data-widget_type=\"heading.default\">\n\t\t\t\t<div class=\"elementor-widget-container\">\n\t\t\t\t\t<h6 class=\"elementor-heading-title elementor-size-default\">CASA FERRER <font color=\"#7a7a7a\"><span style=\"font-weight: 400;text-transform: none\">La Garriga<\/span><\/font><\/h6>\t\t\t\t<\/div>\n\t\t\t\t<\/div>\n\t\t\t\t\t<\/div>\n\t\t<\/div>\n\t\t\t\t\t<\/div>\n\t\t<\/section>\n\t\t\t\t<section class=\"elementor-section elementor-inner-section elementor-element elementor-element-02c3088 elementor-section-boxed elementor-section-height-default elementor-section-height-default\" data-id=\"02c3088\" data-element_type=\"section\">\n\t\t\t\t\t\t<div class=\"elementor-container elementor-column-gap-default\">\n\t\t\t\t\t<div class=\"elementor-column elementor-col-33 elementor-inner-column elementor-element elementor-element-1e4ad33\" data-id=\"1e4ad33\" data-element_type=\"column\">\n\t\t\t<div class=\"elementor-widget-wrap elementor-element-populated\">\n\t\t\t\t\t\t<div class=\"elementor-element elementor-element-f3ab5a6 elementor-widget elementor-widget-image\" data-id=\"f3ab5a6\" data-element_type=\"widget\" data-widget_type=\"image.default\">\n\t\t\t\t<div class=\"elementor-widget-container\">\n\t\t\t\t\t\t\t\t\t\t\t\t\t\t\t\t<a href=\"http:\/\/www.emilividal.com\/?page_id=3350\">\n\t\t\t\t\t\t\t<img loading=\"lazy\" decoding=\"async\" width=\"796\" height=\"588\" src=\"http:\/\/www.emilividal.com\/wp-content\/uploads\/2019\/02\/vallgorguina.jpg\" class=\"attachment-baroque-blog-classic size-baroque-blog-classic wp-image-3427\" alt=\"\" srcset=\"http:\/\/www.emilividal.com\/wp-content\/uploads\/2019\/02\/vallgorguina.jpg 796w, http:\/\/www.emilividal.com\/wp-content\/uploads\/2019\/02\/vallgorguina-300x222.jpg 300w, http:\/\/www.emilividal.com\/wp-content\/uploads\/2019\/02\/vallgorguina-768x567.jpg 768w, http:\/\/www.emilividal.com\/wp-content\/uploads\/2019\/02\/vallgorguina-600x443.jpg 600w\" sizes=\"(max-width: 796px) 100vw, 796px\" \/>\t\t\t\t\t\t\t\t<\/a>\n\t\t\t\t\t\t\t\t\t\t\t\t\t\t\t<\/div>\n\t\t\t\t<\/div>\n\t\t\t\t<div class=\"elementor-element elementor-element-0dc9f51 elementor-widget elementor-widget-heading\" data-id=\"0dc9f51\" data-element_type=\"widget\" data-widget_type=\"heading.default\">\n\t\t\t\t<div class=\"elementor-widget-container\">\n\t\t\t\t\t<h6 class=\"elementor-heading-title elementor-size-default\">cases a\u00efllades <font color=\"#7a7a7a\"><span style=\"font-weight: 400;text-transform: none\">Vallgorguina<\/span><\/font><\/h6>\t\t\t\t<\/div>\n\t\t\t\t<\/div>\n\t\t\t\t\t<\/div>\n\t\t<\/div>\n\t\t\t\t<div class=\"elementor-column elementor-col-33 elementor-inner-column elementor-element elementor-element-68b3ed6\" data-id=\"68b3ed6\" data-element_type=\"column\">\n\t\t\t<div class=\"elementor-widget-wrap elementor-element-populated\">\n\t\t\t\t\t\t<div class=\"elementor-element elementor-element-03448c6 elementor-widget elementor-widget-image\" data-id=\"03448c6\" data-element_type=\"widget\" data-widget_type=\"image.default\">\n\t\t\t\t<div class=\"elementor-widget-container\">\n\t\t\t\t\t\t\t\t\t\t\t\t\t\t\t\t<a href=\"http:\/\/www.emilividal.com\/?page_id=3407\">\n\t\t\t\t\t\t\t<img loading=\"lazy\" decoding=\"async\" width=\"796\" height=\"590\" src=\"http:\/\/www.emilividal.com\/wp-content\/uploads\/2019\/02\/Portada-2.jpg\" class=\"attachment-baroque-blog-classic size-baroque-blog-classic wp-image-3460\" alt=\"\" srcset=\"http:\/\/www.emilividal.com\/wp-content\/uploads\/2019\/02\/Portada-2.jpg 796w, http:\/\/www.emilividal.com\/wp-content\/uploads\/2019\/02\/Portada-2-300x222.jpg 300w, http:\/\/www.emilividal.com\/wp-content\/uploads\/2019\/02\/Portada-2-768x569.jpg 768w, http:\/\/www.emilividal.com\/wp-content\/uploads\/2019\/02\/Portada-2-600x445.jpg 600w\" sizes=\"(max-width: 796px) 100vw, 796px\" \/>\t\t\t\t\t\t\t\t<\/a>\n\t\t\t\t\t\t\t\t\t\t\t\t\t\t\t<\/div>\n\t\t\t\t<\/div>\n\t\t\t\t<div class=\"elementor-element elementor-element-fae710c elementor-widget elementor-widget-heading\" data-id=\"fae710c\" data-element_type=\"widget\" data-widget_type=\"heading.default\">\n\t\t\t\t<div class=\"elementor-widget-container\">\n\t\t\t\t\t<h6 class=\"elementor-heading-title elementor-size-default\">CASES EN DETALL <font color=\"#7a7a7a\"><span style=\"font-weight: 400;text-transform: none\">El Vall\u00e8s<\/span><\/font><\/h6>\t\t\t\t<\/div>\n\t\t\t\t<\/div>\n\t\t\t\t\t<\/div>\n\t\t<\/div>\n\t\t\t\t<div class=\"elementor-column elementor-col-33 elementor-inner-column elementor-element elementor-element-be6c79d\" data-id=\"be6c79d\" data-element_type=\"column\">\n\t\t\t<div class=\"elementor-widget-wrap elementor-element-populated\">\n\t\t\t\t\t\t<div class=\"elementor-element elementor-element-7fbf1b7 elementor-widget elementor-widget-image\" data-id=\"7fbf1b7\" data-element_type=\"widget\" data-widget_type=\"image.default\">\n\t\t\t\t<div class=\"elementor-widget-container\">\n\t\t\t\t\t\t\t\t\t\t\t\t\t\t\t\t<a href=\"http:\/\/www.emilividal.com\/?page_id=3472\">\n\t\t\t\t\t\t\t<img loading=\"lazy\" decoding=\"async\" width=\"796\" height=\"588\" src=\"http:\/\/www.emilividal.com\/wp-content\/uploads\/2019\/02\/Portada-detall.jpg\" class=\"attachment-baroque-blog-classic size-baroque-blog-classic wp-image-3585\" alt=\"\" srcset=\"http:\/\/www.emilividal.com\/wp-content\/uploads\/2019\/02\/Portada-detall.jpg 796w, http:\/\/www.emilividal.com\/wp-content\/uploads\/2019\/02\/Portada-detall-300x222.jpg 300w, http:\/\/www.emilividal.com\/wp-content\/uploads\/2019\/02\/Portada-detall-768x567.jpg 768w, http:\/\/www.emilividal.com\/wp-content\/uploads\/2019\/02\/Portada-detall-600x443.jpg 600w\" sizes=\"(max-width: 796px) 100vw, 796px\" \/>\t\t\t\t\t\t\t\t<\/a>\n\t\t\t\t\t\t\t\t\t\t\t\t\t\t\t<\/div>\n\t\t\t\t<\/div>\n\t\t\t\t<div class=\"elementor-element elementor-element-91d27aa elementor-widget elementor-widget-heading\" data-id=\"91d27aa\" data-element_type=\"widget\" data-widget_type=\"heading.default\">\n\t\t\t\t<div class=\"elementor-widget-container\">\n\t\t\t\t\t<h6 class=\"elementor-heading-title elementor-size-default\">dibuixos<\/h6>\t\t\t\t<\/div>\n\t\t\t\t<\/div>\n\t\t\t\t\t<\/div>\n\t\t<\/div>\n\t\t\t\t\t<\/div>\n\t\t<\/section>\n\t\t\t\t\t<\/div>\n\t\t<\/div>\n\t\t\t\t\t<\/div>\n\t\t<\/section>\n\t\t\t\t<\/div>\n\t\t","protected":false},"excerpt":{"rendered":"<p>HOUSES | PROJECTES CASA jos\u00e9 luis Premi\u00e0 de Mar CASA HORACIO Sant Vicen\u00e7 de Montalt CASA MART\u00cd L&#8217;Ametll\u00e0 del Vall\u00e8s CASA GRAU La Roca del Vall\u00e8s CASA VICEN\u00c7 Granollers CASES MODULARS Osona cases aparellades Parets del Vall\u00e8s CASA EUSEBI Gav\u00e0 CASA FERRER La Garriga cases a\u00efllades Vallgorguina CASES EN DETALL El Vall\u00e8s dibuixos<\/p>\n","protected":false},"author":1,"featured_media":0,"parent":0,"menu_order":0,"comment_status":"closed","ping_status":"open","template":"template-fullwidth.php","meta":{"_monsterinsights_skip_tracking":false,"_monsterinsights_sitenote_active":false,"_monsterinsights_sitenote_note":"","_monsterinsights_sitenote_category":0,"footnotes":""},"class_list":["post-3028","page","type-page","status-publish","hentry","no-thumb"],"_links":{"self":[{"href":"http:\/\/www.emilividal.com\/index.php?rest_route=\/wp\/v2\/pages\/3028","targetHints":{"allow":["GET"]}}],"collection":[{"href":"http:\/\/www.emilividal.com\/index.php?rest_route=\/wp\/v2\/pages"}],"about":[{"href":"http:\/\/www.emilividal.com\/index.php?rest_route=\/wp\/v2\/types\/page"}],"author":[{"embeddable":true,"href":"http:\/\/www.emilividal.com\/index.php?rest_route=\/wp\/v2\/users\/1"}],"replies":[{"embeddable":true,"href":"http:\/\/www.emilividal.com\/index.php?rest_route=%2Fwp%2Fv2%2Fcomments&post=3028"}],"version-history":[{"count":40,"href":"http:\/\/www.emilividal.com\/index.php?rest_route=\/wp\/v2\/pages\/3028\/revisions"}],"predecessor-version":[{"id":3931,"href":"http:\/\/www.emilividal.com\/index.php?rest_route=\/wp\/v2\/pages\/3028\/revisions\/3931"}],"wp:attachment":[{"href":"http:\/\/www.emilividal.com\/index.php?rest_route=%2Fwp%2Fv2%2Fmedia&parent=3028"}],"curies":[{"name":"wp","href":"https:\/\/api.w.org\/{rel}","templated":true}]}}